
--
-- Table structure for table `product_review`
--

CREATE TABLE `product_review` (
  `id` bigint NOT NULL AUTO_INCREMENT,
  `review` varchar(255) NOT NULL,
  `rating` double DEFAULT NULL,
  `created_at` datetime(6) NOT NULL,
  `updated_at` datetime(6) NOT NULL,
  `product_id` bigint NOT NULL,
  `user_id` bigint NOT NULL,
  PRIMARY KEY (`id`),
  KEY `product_review_product_id_428b0c5c_fk_product_product_id` (`product_id`),
  KEY `product_review_user_id_101f565f_fk_login_signup_user_id` (`user_id`),
  CONSTRAINT `product_review_product_id_428b0c5c_fk_product_product_id` FOREIGN KEY (`product_id`) REFERENCES `product_product` (`id`),
  CONSTRAINT `product_review_user_id_101f565f_fk_login_signup_user_id` FOREIGN KEY (`user_id`) REFERENCES `login_signup_user` (`id`)
) ENGINE=InnoDB AUTO_INCREMENT=250 DEFAULT CHARSET=utf8mb4 COLLATE=utf8mb4_0900_ai_ci;

--
-- Dumping data for table `product_review`
--

INSERT INTO `product_review` VALUES (95,'hellow',1,'2024-12-26 13:52:35.573569','2024-12-26 13:52:35.573817',374,1561),(96,'hellow',1,'2024-12-26 13:52:36.249817','2024-12-26 13:52:36.250068',374,1561),(97,'hellow',5,'2024-12-26 13:52:42.073380','2024-12-26 13:52:42.073599',374,1561),(104,'Hellow boss nahitaji izi Aiseee',5,'2024-12-27 16:33:02.083136','2024-12-27 16:33:02.083344',360,1561),(105,'Nahitaji Izo Boss',5,'2024-12-27 16:36:25.423655','2024-12-27 16:36:25.423987',360,1561),(106,'Nahitaji Izo Boss',5,'2024-12-27 16:36:29.117760','2024-12-27 16:36:29.118061',360,1561),(107,'Nahitaji Izo Boss',5,'2024-12-27 16:36:30.261446','2024-12-27 16:36:30.261635',360,1561),(108,'Nahitaji Izo Boss',5,'2024-12-27 16:36:30.443473','2024-12-27 16:36:30.443741',360,1561),(109,'Nahitaji Izo Boss',5,'2024-12-27 16:36:30.756962','2024-12-27 16:36:30.758119',360,1561),(110,'Nahitaji Izo Boss',5,'2024-12-27 16:36:30.968605','2024-12-27 16:36:30.968812',360,1561),(111,'Nahitaji Izo Boss',5,'2024-12-27 16:36:31.158486','2024-12-27 16:36:31.158989',360,1561),(112,'Nahitaji Izo Boss',5,'2024-12-27 16:36:31.248473','2024-12-27 16:36:31.248718',360,1561),(113,'Nahitaji Izo Boss',5,'2024-12-27 16:36:31.518795','2024-12-27 16:36:31.519004',360,1561),(114,'Nahitaji Izo Boss',5,'2024-12-27 16:36:31.993055','2024-12-27 16:36:31.993247',360,1561),(115,'Nahitaji Izo Boss',5,'2024-12-27 16:36:32.237724','2024-12-27 16:36:32.237906',360,1561),(117,'Amazing',1,'2025-01-22 17:39:52.217152','2025-01-22 17:39:52.218020',311,1821),(120,'bei inapungua',5,'2025-02-17 10:46:45.236868','2025-02-17 10:46:45.237084',1740,3139),(121,'Good',5,'2025-02-17 15:52:28.796412','2025-02-17 15:52:28.796589',1351,3319),(123,'og bicycle',5,'2025-02-25 09:45:56.769124','2025-02-25 09:45:56.769389',1918,3308),(124,'hello habari hizo kapeti ni ainagani',1,'2025-02-25 23:21:56.963995','2025-02-25 23:21:56.964445',694,3619),(125,'hi boss',3,'2025-02-26 14:14:33.043412','2025-02-26 14:14:33.043648',2142,3619),(126,'good',2,'2025-03-29 21:37:26.360888','2025-03-29 21:37:26.361057',7466,4161),(127,'hi',5,'2025-04-03 10:05:07.886308','2025-04-03 10:05:07.886502',5673,4283),(128,'hi',5,'2025-04-03 10:05:08.630370','2025-04-03 10:05:08.630584',5673,4283),(129,'hey',5,'2025-04-04 15:58:50.552936','2025-04-04 15:58:50.553280',11213,4469),(130,'hey',5,'2025-04-05 07:54:37.938886','2025-04-05 07:54:37.939116',5459,4469),(131,'hey',5,'2025-04-05 07:54:38.411246','2025-04-05 07:54:38.411473',5459,4469),(134,'Utanisaidiaje mm nina 50,000 tu unahitaji Brenda hilo',1,'2025-04-07 13:55:41.186208','2025-04-07 13:55:41.188799',5127,4375),(135,'Utanisaidiaje mm nina 50,000 tu unahitaji Brenda hilo',1,'2025-04-07 13:55:41.203408','2025-04-07 13:55:41.203594',5127,4375),(136,'Utanisaidiaje mm nina 50,000 tu unahitaji Brenda hilo',1,'2025-04-07 13:55:41.604027','2025-04-07 13:55:41.604423',5127,4375),(137,'habar',5,'2025-04-07 21:03:54.712450','2025-04-07 21:03:54.712650',2013,4250),(138,'hi',5,'2025-04-08 06:18:24.592161','2025-04-08 06:18:24.592478',1788,4615),(139,'ongezeni picha za bidhaa mtu aweze kuona vizuri',1,'2025-04-10 10:33:26.183573','2025-04-10 10:33:26.183785',2574,4805),(140,'ongezeni picha za bidhaa mtu aweze kuona vizuri',1,'2025-04-10 10:33:26.986609','2025-04-10 10:33:26.986786',2574,4805),(141,'naweza kuja kuiona',5,'2025-04-14 11:22:56.973308','2025-04-14 11:22:56.973684',2220,4250),(142,'naweza kuja kuiona',5,'2025-04-14 11:22:58.419452','2025-04-14 11:22:58.419681',2220,4250),(143,'nahitaji kuona rang na design tofauti tofaut plse',1,'2025-04-14 15:17:58.014992','2025-04-14 15:17:58.015173',9425,5471),(144,'12pro Price',5,'2025-04-15 10:51:46.919611','2025-04-15 10:51:46.919792',654,5642),(145,'12pro Price',5,'2025-04-15 10:51:48.695430','2025-04-15 10:51:48.695606',654,5642),(146,'hi wallpaper unachukua chumba kizima au part ndogo ya chumba',1,'2025-04-18 03:24:31.438913','2025-04-18 03:24:31.439096',13793,5715),(147,'Mnatuma ichizote?',5,'2025-04-18 14:47:20.966140','2025-04-18 14:47:20.966347',1140,6949),(148,'kama nikichukua jeans tano hakuna punguzo?',5,'2025-04-18 16:23:44.987749','2025-04-18 16:23:44.987917',748,5454),(149,'badoo vipoo hiviiii viatyuuu',5,'2025-04-20 20:49:58.723578','2025-04-20 20:49:58.723761',639,5337),(150,'acha uchoko kamuzie baba ako',3,'2025-04-20 22:49:49.714959','2025-04-20 22:49:49.715144',10661,6269),(151,'hello',5,'2025-04-21 17:45:54.739372','2025-04-21 17:45:54.739556',2142,7030),(152,'frenji viatu vya kike bei gani',1,'2025-04-22 19:18:22.239456','2025-04-22 19:18:22.239666',1113,5367),(153,'size ngapi',1,'2025-04-22 19:49:23.354860','2025-04-22 19:49:23.355045',2142,7257),(154,'zinakuwa ngapi',1,'2025-04-22 21:35:44.420500','2025-04-22 21:35:44.420678',6434,7690),(155,'boss nahitaji p9 head set',1,'2025-04-23 05:23:55.239940','2025-04-23 05:23:55.240112',5161,7286),(156,'ps3 unauza Kwa bei gan',1,'2025-04-23 10:06:42.974830','2025-04-23 10:06:42.974993',10811,7895),(157,'app nzuri sana',1,'2025-04-23 17:13:31.503250','2025-04-23 17:13:31.503447',10758,8255),(158,'Bei yake kaka',1,'2025-04-23 19:33:22.450439','2025-04-23 19:33:22.450624',1855,7240),(159,'12nch shingap?',5,'2025-04-23 20:41:03.045606','2025-04-23 20:41:03.045788',12837,8221),(160,'nice',5,'2025-04-25 04:31:58.788244','2025-04-25 04:31:58.788417',1743,8678),(161,'poa',5,'2025-04-25 12:55:12.388020','2025-04-25 12:55:12.388228',13979,9060),(162,'hiyo ni ya chumba kizima au sehem moja',1,'2025-04-25 14:05:46.589376','2025-04-25 14:05:46.589571',13797,9127),(163,'nice',5,'2025-04-25 14:34:20.448805','2025-04-25 14:34:20.448980',789,9145),(164,'nice',5,'2025-04-25 14:34:20.449623','2025-04-25 14:34:20.449771',789,9145),(165,'how much money does it cost',1,'2025-04-25 17:30:36.743575','2025-04-25 17:30:36.743749',551,5560),(166,'pxel 4 bei gan',1,'2025-04-27 04:11:37.821680','2025-04-27 04:11:37.821866',4906,8811),(167,'naeza pata dawa inaitwa gynecomastia reduction spray',1,'2025-04-28 05:30:36.410649','2025-04-28 05:30:36.410831',627,8962),(168,'hakuna ya bei ya chini ya hii',1,'2025-04-29 02:32:45.038817','2025-04-29 02:32:45.039059',3820,4183),(169,'Habar yako',1,'2025-04-29 06:35:47.412514','2025-04-29 06:35:47.412680',9834,9656),(170,'hello',1,'2025-04-29 07:10:07.517433','2025-04-29 07:10:07.517629',3997,9850),(171,'good',1,'2025-04-29 09:37:42.032013','2025-04-29 09:37:42.032281',10163,9962),(172,'best pods',5,'2025-04-30 14:05:46.243096','2025-04-30 14:05:46.243307',5570,10682),(174,'bado ipo',2,'2025-04-30 18:13:15.051417','2025-04-30 18:13:15.051583',6144,10805),(175,'nzuri sana',2,'2025-05-01 03:06:53.993068','2025-05-01 03:06:53.993270',2185,8255),(176,'one bag',1,'2025-05-01 13:17:20.834305','2025-05-01 13:17:20.834660',9522,10916),(177,'150k ?',3,'2025-05-01 20:32:33.138213','2025-05-01 20:32:33.138387',8545,10908),(178,'150k ?',1,'2025-05-01 20:32:41.547385','2025-05-01 20:32:41.547569',8545,10908),(179,'150000',5,'2025-05-02 08:03:36.795820','2025-05-02 08:03:36.796008',13070,11023),(180,'40, 000 wakuu',4,'2025-05-02 08:09:19.645794','2025-05-02 08:09:19.645974',8405,11023),(181,'habari',1,'2025-05-02 10:39:02.868198','2025-05-02 10:39:02.868376',1460,11076),(182,'hey',5,'2025-05-02 15:56:45.972296','2025-05-02 15:56:45.972476',3398,11081),(183,'hizi bei ni zenyew au mbn kama rahisi au nimeelewa vibaya',1,'2025-05-03 12:16:45.736623','2025-05-03 12:16:45.736789',13679,7860),(184,'15000',5,'2025-05-03 16:16:55.388628','2025-05-03 16:16:55.388802',748,10821),(185,'i need the speaker',2,'2025-05-03 20:05:21.132591','2025-05-03 20:05:21.132776',5012,11599),(186,'Nipo mkoani Tanga naipataje hii',5,'2025-05-04 13:54:05.097573','2025-05-04 13:54:05.097756',12155,11648),(187,'Nipo mkoani Tanga naipataje hii',5,'2025-05-04 13:54:05.293551','2025-05-04 13:54:05.293727',12155,11648),(188,'Nice',5,'2025-05-05 14:29:11.239264','2025-05-05 14:29:11.239478',10841,11607),(189,'hilo ni shuka au duveti',2,'2025-05-05 20:36:31.068901','2025-05-05 20:36:31.069086',11246,7786),(190,'naitaji hilo',1,'2025-05-06 11:40:59.593839','2025-05-06 11:40:59.594151',8760,8811),(191,'mko vizur san',2,'2025-05-06 13:21:12.492658','2025-05-06 13:21:12.492904',694,12679),(192,'vip',3,'2025-05-07 09:18:15.329698','2025-05-07 09:18:15.329926',14355,13028),(193,'hi',5,'2025-05-07 11:07:08.239849','2025-05-07 11:07:08.240133',8202,13165),(194,'nahitaj hii hiyo bri ni jumla au hata lejaleja',5,'2025-05-07 14:28:09.547278','2025-05-07 14:28:09.547460',13594,3497),(195,'mambo',1,'2025-05-07 16:05:36.383939','2025-05-07 16:05:36.384165',14352,4183),(196,'nahitaji  kinglion',1,'2025-05-07 20:50:23.033598','2025-05-07 20:50:23.033799',2093,13235),(197,'nahitaji  kinglion',1,'2025-05-07 20:50:23.507906','2025-05-07 20:50:23.508077',2093,13235),(198,'nahitaji  kinglion',1,'2025-05-07 20:50:23.748712','2025-05-07 20:50:23.748877',2093,13235),(199,'hayo mapazia yanakuwa matatu Ivo ivo au moja?',1,'2025-05-08 11:07:40.344582','2025-05-08 11:07:40.344762',12717,13684),(200,'150000',4,'2025-05-08 11:23:05.209756','2025-05-08 11:23:05.209940',10497,9485),(201,'150000 i have',4,'2025-05-08 11:24:40.231358','2025-05-08 11:24:40.231546',11613,9485),(202,'i have 150000 TSH',5,'2025-05-08 11:31:10.488239','2025-05-08 11:31:10.488429',10570,9485),(203,'jumla shingp',5,'2025-05-08 16:50:46.545041','2025-05-08 16:50:46.545258',14323,14025),(204,'naitaj topup',1,'2025-05-09 10:34:12.872680','2025-05-09 10:34:12.872863',5334,13392),(205,'hello',1,'2025-05-09 17:17:26.853023','2025-05-09 17:17:26.853228',3997,6764),(206,'Nina 250k',1,'2025-05-09 17:18:03.041016','2025-05-09 17:18:03.041789',14238,13709),(207,'Nina 250k',1,'2025-05-09 17:18:03.280505','2025-05-09 17:18:03.280759',14238,13709),(208,'network yenu bado haijakaa sawa, mtu unakaa kusubiria bidhaa kufunguka zaidi ya 5dkk !!!! Boresheni eneo la mtandao',1,'2025-05-09 18:47:38.318957','2025-05-09 18:47:38.319156',2198,11392),(209,'hay',1,'2025-05-10 06:20:52.103866','2025-05-10 06:20:52.104046',7507,12621),(210,'hay',1,'2025-05-10 06:20:52.114162','2025-05-10 06:20:52.114784',7507,12621),(211,'hay',1,'2025-05-10 06:20:52.133588','2025-05-10 06:20:52.133755',7507,12621),(212,'hay',1,'2025-05-10 06:20:52.353713','2025-05-10 06:20:52.353882',7507,12621),(213,'hay',1,'2025-05-10 06:20:52.499282','2025-05-10 06:20:52.499461',7507,12621),(214,'The',3,'2025-05-10 10:53:00.078473','2025-05-10 10:53:00.078682',360,13056),(215,'hello',5,'2025-05-13 05:23:35.983009','2025-05-13 05:23:35.983282',7693,14221),(216,'habari',5,'2025-05-13 16:18:50.437051','2025-05-13 16:18:50.437261',2182,15599),(217,'ya futi 4 kwa 6 hamna',1,'2025-05-13 16:33:47.278241','2025-05-13 16:33:47.278429',11635,15219),(218,'ya futi 4 kwa 6 hamna',1,'2025-05-13 16:33:48.116397','2025-05-13 16:33:48.116616',11635,15219),(219,'nice',1,'2025-05-13 22:50:49.824587','2025-05-13 22:50:49.824774',1902,15388),(220,'Shuka 2 en Foronya Zinakuwa Ngapi',2,'2025-05-14 07:00:56.342596','2025-05-14 07:00:56.342770',11996,15329),(221,'niliweka order  jana sijajibiwa  why',1,'2025-05-14 16:24:39.704680','2025-05-14 16:24:39.704879',11638,15219),(222,'niliweka order  jana sijajibiwa  why',1,'2025-05-14 16:24:39.705479','2025-05-14 16:24:39.705634',11638,15219),(223,'niliweka order  jana sijajibiwa  why',1,'2025-05-14 16:24:39.773326','2025-05-14 16:24:39.773502',11638,15219),(224,'niliweka order  jana sijajibiwa  why',1,'2025-05-14 16:24:39.822768','2025-05-14 16:24:39.822950',11638,15219),(225,'kwa jumla sh. ngap??',1,'2025-05-14 16:52:25.301732','2025-05-14 16:52:25.301913',1515,15289),(226,'hello',5,'2025-05-14 17:13:42.632803','2025-05-14 17:13:42.632990',12080,16267),(227,'naweza pata kwa  kwa discount',1,'2025-05-14 20:09:15.178084','2025-05-14 20:09:15.178279',11803,12080),(228,'bei ya jumla ni sh ngap',1,'2025-05-15 22:09:22.813014','2025-05-15 22:09:22.813294',10828,15406),(229,'i need it',5,'2025-05-16 05:49:14.786884','2025-05-16 05:49:14.787081',3568,12035),(230,'nahitaji  ilo',2,'2025-05-16 14:58:24.888047','2025-05-16 14:58:24.888245',11121,15219),(231,'nahitaji  ilo',2,'2025-05-16 14:58:24.998401','2025-05-16 14:58:24.998574',11121,15219),(232,'nahitaji  ilo',2,'2025-05-16 14:58:25.296057','2025-05-16 14:58:25.296280',11121,15219),(233,'nikichukua mbili napata kwa shingapi ?',3,'2025-05-16 15:25:08.773621','2025-05-16 15:25:08.773796',14398,17404),(234,'hello',1,'2025-05-17 05:49:50.946704','2025-05-17 05:49:50.946886',1488,10969),(235,'ndani kunakuwa na package ngapi?',1,'2025-05-17 15:00:14.370414','2025-05-17 15:00:14.370593',6248,17535),(236,'adidisc au hard disc....!!!?',1,'2025-05-18 15:24:47.842692','2025-05-18 15:24:47.842874',8065,15746),(237,'hellow',2,'2025-05-18 19:28:40.004406','2025-05-18 19:28:40.004812',3482,9022),(238,'hiii aishuki kidogo mkuuu',5,'2025-05-19 06:10:35.951448','2025-05-19 06:10:35.951633',14407,11336),(239,'nilikuwa naomba niulizie bei za monitor inch 24 brand HP au DELL shingapi?? kwani',1,'2025-05-19 06:45:20.446399','2025-05-19 06:45:20.446588',3711,17546),(240,'natak bei ya samsung s10 plain',1,'2025-05-19 17:25:45.313377','2025-05-19 17:25:45.313593',10464,17812),(241,'white??',1,'2025-05-20 14:56:27.566606','2025-05-20 14:56:27.566814',11002,10877),(242,'Hellow',1,'2025-05-20 21:13:26.784632','2025-05-20 21:13:26.784805',361,17567),(243,'Habari',1,'2025-05-20 22:21:13.860128','2025-05-20 22:21:13.860311',6299,15391),(244,'naitaka',2,'2025-05-21 09:14:27.302964','2025-05-21 09:14:27.303545',7555,15605),(245,'Habari',2,'2025-05-21 12:04:18.203391','2025-05-21 12:04:18.203568',4017,17567),(246,'Habari',2,'2025-05-21 12:04:18.220453','2025-05-21 12:04:18.220624',4017,17567),(247,'Habari',2,'2025-05-21 12:04:18.237981','2025-05-21 12:04:18.238167',4017,17567),(248,'Habari',2,'2025-05-21 12:04:18.256273','2025-05-21 12:04:18.256462',4017,17567),(249,'Habari',2,'2025-05-21 12:04:18.262427','2025-05-21 12:04:18.262628',4017,17567);

--
-- Table structure for table `product_subcategory`
--

CREATE TABLE `product_subcategory` (
  `id` bigint NOT NULL AUTO_INCREMENT,
  `subcategory_name` varchar(255) NOT NULL,
  `category_id` bigint NOT NULL,
  `icon` varchar(100) DEFAULT NULL,
  `active` tinyint(1) NOT NULL,
  `tags` longtext,
  `created_at` datetime(6) NOT NULL,
  PRIMARY KEY (`id`),
  KEY `product_subcategory_category_id_74573633_fk_product_category_id` (`category_id`),
  CONSTRAINT `product_subcategory_category_id_74573633_fk_product_category_id` FOREIGN KEY (`category_id`) REFERENCES `product_category` (`id`)
) ENGINE=InnoDB AUTO_INCREMENT=166 DEFAULT CHARSET=utf8mb4 COLLATE=utf8mb4_0900_ai_ci;

--
-- Dumping data for table `product_subcategory`
--

INSERT INTO `product_subcategory` VALUES (15,'Accessories',12,'e360/subcategory/icon/Electronics_Accessories.png',1,'Photo Accessories , Video Accessories ,','2024-10-08 08:36:53.177057'),(16,'Laptops & Computers',12,'e360/subcategory/icon/computer.png',1,'Computer , Compyuta , Server , Desktop , Desktop computer , Laptop ,','2024-10-08 08:36:53.177057'),(17,'TVs',12,'e360/subcategory/icon/smart-tv-2.png',1,'TV  , TIVI  ,','2024-10-08 08:36:53.177057'),(18,'DVD Equipments',12,'e360/subcategory/icon/dvd-player.png',1,'TV , Projector , Projectors , TV Boxes , DVD Players , DVD Player , Decoder , Decoders ,TV Receivers, TV Receiver , Receiver , Receivers ,','2024-10-08 08:36:53.177057'),(19,'Headphones',12,'e360/subcategory/icon/headphone-symbol.png',1,'Headphones , Headphone , Head phone  ,Head phones ,Ear Phones , Earphones ,','2024-10-08 08:36:53.177057'),(20,'Networking Products',12,'e360/subcategory/icon/wifi-router.png',1,'Router , Switch , Modem , Internet , Internet Box , WIFI ,','2024-10-08 08:36:53.177057'),(21,'Cameras',12,'e360/subcategory/icon/photo-camera-interface-symbol-for-button.png',1,'Camera , Cameras , DSLR , Digital Camera , Digital Cameras ,Drones , Drone , Action Cameras , Action Cameras , Video Camera , Video Cameras ,','2024-10-08 08:36:53.177057'),(22,'Printers & Scanners',12,'e360/subcategory/icon/printer.png',1,'Printers , Scanners , Printer , Scanner ,Printa , Scana , Skana ,','2024-10-08 08:36:53.177057'),(23,'Security Equipments',12,'e360/subcategory/icon/cctv-camera.png',1,'CCTV , CCTV Camera , IP Camera , IP Cameras , Digital Video Recorder , Video Recorder ,CCTV Kit , Motion Sensor ,Motion Detector ,Detector ,Sensor ,Spy Pen ,Spy Clock ,','2024-10-08 08:36:53.177057'),(24,'Softwares',12,'e360/subcategory/icon/Software_layers.png',1,'Internet Security , Microsoft Office Home , Office 365 , Quickbooks , Windows 11 , Window 11 , SSL , TSL , Tally Prime , Tally , Windows ,Autodesk ,Adobe Photoshop , Photoshop , Adobe ,Archicad ,','2024-10-08 08:36:53.177057'),(25,'Video Games',12,'e360/subcategory/icon/games.png',1,'PC Games, Video Games , PS5 , Nintendo ,','2024-10-08 08:36:53.177057'),(26,'Mobile Phones',15,'e360/subcategory/icon/iphone-5.png',1,'Phone , Phones , Simu , Kitochi , Kibatoni ,Mobile Phones ,telephone ,telephones ,telefone ,','2024-10-08 08:36:53.177057'),(27,'Smart Watches',15,'e360/subcategory/icon/smartwatch.png',1,'Smart Watches , Watches , Watch ,','2024-10-08 08:36:53.177057'),(28,'Office Phones',15,'e360/subcategory/icon/telephone.png',1,'Office Phones , Office Phone ,Simu za ofisini , telephone, telephones ,','2024-10-08 08:36:53.177057'),(29,'Tablets',15,'e360/subcategory/icon/tablet_huC6O0d.png',1,'Tablets , Tablet ,','2024-10-08 08:36:53.177057'),(30,'Ipods',15,'e360/subcategory/icon/ipod_72P7mC8.png',1,'Ipods , Ipod ,','2024-10-08 08:36:53.177057'),(31,'Accessories',15,'e360/subcategory/icon/Phone_Accessories_power.png',1,'Phone Accessories , Phone Accessory , Accessories Za Simu ,Accessory za simu ,','2024-10-08 08:36:53.177057'),(32,'Kitchen',16,'e360/subcategory/icon/Kitchen.png',1,'Jikoni , Kitchen ,','2024-10-08 08:36:53.177057'),(33,'Furniture',16,'e360/subcategory/icon/Furniture.png',1,'Furniture ,Samani , Furnitures ,Couch ,Couches','2024-10-08 08:36:53.177057'),(34,'Garden',16,'e360/subcategory/icon/Garden.png',1,'Garden , Bustani ,','2024-10-08 08:36:53.177057'),(35,'Other Appliances',16,'e360/subcategory/icon/tumble-dry.png',1,'Other Appliances , Other Appliance ,','2024-10-08 08:36:53.177057'),(36,'Accessories',16,'e360/subcategory/icon/plates.png',1,'Home Accessories ,Home Accessory ,','2024-10-08 08:36:53.177057'),(37,'Cars',17,'e360/subcategory/icon/car.png',1,'Car , Gari ,Magari ,Cars ,','2024-10-08 08:36:53.177057'),(38,'Trucks',17,'e360/subcategory/icon/Trucks.png',1,'Trucks , Truck , trakta , Trekta ,','2024-10-08 08:36:53.177057'),(39,'Buses',17,'e360/subcategory/icon/bus.png',1,'Buses ,Bus ,Basi ,','2024-10-08 08:36:53.177057'),(41,'Bikes',17,'e360/subcategory/icon/motorcycle-of-big-size-black-silhouette_yjyGKq6.png',1,'TVS , Bajaj , Bajiji , Haojue ,Honda Bike ,Yamaha Bike ,Yamaha ,Honda ,Apsoni ,BMW ,Motobike ,Motorbike ,Motobaiki ,Motocycle ,Motosaiko ,Tukutuku ,TUKTUK ,','2024-10-08 08:36:53.177057'),(42,'Heavy Equipments',17,'e360/subcategory/icon/demolishing.png',1,'Mashine Za Kilimo ,Mashine Za Barabara ,Katapila ,Trekta ,Tractor ,','2024-10-08 08:36:53.177057'),(43,'Trailers',17,'e360/subcategory/icon/trailer.png',1,'Trailer ,Trailers ,Trela ,','2024-10-08 08:36:53.177057'),(45,'Boats',17,'e360/subcategory/icon/cruise.png',1,'Boats ,Boat ,Boti ,Mashua ,Ngalawa ,','2024-10-08 08:36:53.177057'),(46,'Planes',17,'e360/subcategory/icon/plane.png',1,'Planes ,Plane ,Ndege ,Helicopters ,Helicopter ,','2024-10-08 08:36:53.177057'),(47,'Fitness Equipments',19,'e360/subcategory/icon/barbell.png',1,'Fitness ,Fitness Equipments ,Sport , Sports','2024-10-08 08:36:53.177057'),(48,'Sportswear',19,'e360/subcategory/icon/clothes.png',1,'Sportswear , Workout ,Work Out , Nguo Za Sport ,Kukimbia ,','2024-10-08 08:36:53.177057'),(50,'Art & Crafts',19,'e360/subcategory/icon/painting.png',1,'Art & Crafts','2024-10-08 08:36:53.177057'),(51,'Book & Magazines & Software',19,'e360/subcategory/icon/magazine.png',1,'Book ,Magazines ,Software','2024-10-08 08:36:53.177057'),(52,'Fishing',19,'e360/subcategory/icon/fishing.png',1,'Fishing ,','2024-10-08 08:36:53.177057'),(53,'Other',19,'e360/subcategory/icon/hobbies.png',1,'','2024-10-08 08:36:53.177057'),(54,'Apartment for Sale',20,'e360/subcategory/icon/sale.png',1,'Apartment for Sale ,Apartments for Sale ,Numba za kuuza ,','2024-10-08 08:36:53.177057'),(55,'Apartment for Rent',20,'e360/subcategory/icon/for-rent.png',1,'Apartment for Rent ,Apartments for Rent ,Apartment za kukodi ,Numba za kukodi','2024-10-08 08:36:53.177057'),(56,'House for Sale',20,'e360/subcategory/icon/house-for-sale.png',1,'House for Sale ,Houses for Sale ,Numb za kuuza ,','2024-10-08 08:36:53.177057'),(57,'House for Rent',20,'e360/subcategory/icon/rent.png',1,'House for Rent ,Houses for Rent ,Numba za Kukodi ,','2024-10-08 08:36:53.177057'),(58,'Offices for Sale',20,'e360/subcategory/icon/office-building.png',1,'Commercial Properties for Sale ,Commercial Property for Sale ,Property for Sale ,office for sale ,ofisi za kuuza ,','2024-10-08 08:36:53.177057'),(59,'Offices for Rent',20,'e360/subcategory/icon/work.png',1,'Offices for Rent ,Office for Rent ,ofisi za rent ,ofisi za kukodi ,','2024-10-08 08:36:53.177057'),(60,'Land for Sale',21,'e360/subcategory/icon/management.png',1,'Land for Sale ,Shamba la kuuza ,','2024-10-08 08:36:53.177057'),(61,'Land for Rent',21,'e360/subcategory/icon/field.png',1,'Land for Rent ,Shamba ya kukodi ,','2024-10-08 08:36:53.177057'),(62,'Plots for Sale',21,'e360/subcategory/icon/building.png',1,'Plot for Sale ,Plot za kuuza ,Plots for Sale ,','2024-10-08 08:36:53.177057'),(63,'Plots for Rent',21,'e360/subcategory/icon/land-2.png',1,'Plot for Rent ,Plots for Rent ,Plot ,Plots ,Viwanja ,','2024-10-08 08:36:53.177057'),(64,'Restaurant',16,'e360/subcategory/icon/kitchen-appliance.png',1,'Restaurant Appliances ,Mgahawa , Restaurant ,','2024-10-08 08:36:53.177057'),(65,'Skincare',22,'e360/subcategory/icon/skincare.png',1,'Skincare ,Matunzo ya ngoni ,Ngozi ,','2024-10-08 08:36:53.177057'),(66,'Perfumes & Colognes',22,'e360/subcategory/icon/perfume.png',1,'Perfumes ,Colognes ,','2024-10-08 08:36:53.177057'),(67,'Fragrances',22,'e360/subcategory/icon/fragrance-spray.png',1,'Fragrances ,Fragrance ,','2024-10-08 08:36:53.177057'),(68,'Bath & Body',22,'e360/subcategory/icon/bathing.png',1,'Bath ,Body ,','2024-10-08 08:36:53.177057'),(69,'Hair Beauty',22,'e360/subcategory/icon/hair-curler.png',1,'Hair Beauty ,Nywele ,Hair ,','2024-10-08 08:36:53.177057'),(70,'Beauty Appliances',16,'e360/subcategory/icon/appliances.png',1,'Beauty Appliances ,Beauty Appliance ,Beauty ,visa via urembo ,','2024-10-08 08:36:53.177057'),(71,'Accessories',22,'e360/subcategory/icon/shaving-accessories.png',1,'Beauty Accessories ,Beauty Accessory ,','2024-10-08 08:36:53.177057'),(72,'Others',22,'e360/subcategory/icon/grooming-accessory.png',1,'','2024-10-08 08:36:53.177057'),(73,'Bags',23,'e360/subcategory/icon/man-2.png',1,'bags ,bag ,beg ,bag za wanaume ,begi ,Backpack , Backpacks ,','2024-10-08 08:36:53.177057'),(74,'Shirts & T-Shirts',23,'e360/subcategory/icon/pirate-shirt.png',1,'Shirts & T-Shirts ,Shirts ,T-Shirts ,Shirt ,Nguo za kiume ,clothes ,','2024-10-08 08:36:53.177057'),(75,'Shorts & Trousers',23,'e360/subcategory/icon/short-pants.png',1,'Shorts ,Trousers ,Pants ,Pant ,Suruali ,Nguo za kiume ,clothes ,Nguo ,','2024-10-08 08:36:53.177057'),(76,'Suits',23,'e360/subcategory/icon/suit-and-tie-outfit.png',1,'Suits ,Suit ,Suti ,Nguo za kiume ,Clothes ,Nguo ,','2024-10-08 08:36:53.177057'),(77,'Coats & Jackets',23,'e360/subcategory/icon/jackets.png',1,'Coats ,Jackets ,Jacket ,Koti ,Nguo za kiume ,Clothes ,Nguo ,','2024-10-08 08:36:53.177057'),(78,'Shoes',23,'e360/subcategory/icon/men-shoes.png',1,'Shoes ,viatu ,viatu vya kiume ,men shoes ,man shoes ,','2024-10-08 08:36:53.177057'),(79,'Jewelry & Watches',23,'e360/subcategory/icon/watch.png',1,'Jewelry & Watches ,Jewelry ,Watch ,Watches ,Saha ,','2024-10-08 08:36:53.177057'),(80,'Underwear',23,'e360/subcategory/icon/underwear-man.png',1,'Underwear ,Chupi za kiume ,Chupi ya kiume ,Nguo za kiume ,clothes ,','2024-10-08 08:36:53.177057'),(81,'Other Accessories',23,'e360/subcategory/icon/man-3.png',1,'','2024-10-08 08:36:53.177057'),(82,'Bags',24,'e360/subcategory/icon/Bags.png',1,'Handbags ,Wallets ,Purses Shoulder ,Bags ,Backpacks ,begi ,','2024-10-08 08:36:53.177057'),(83,'Shirts & T-Shirts',24,'e360/subcategory/icon/Shirts__T-Shirts.png',1,'T-Shirts za Kike ,Shati za Wanawake ,Mavazi ya Kike ,Shati za Casual ,Nguo za kike ,clothes ,','2024-10-08 08:36:53.177057'),(84,'Coats & Jackets',24,'e360/subcategory/icon/Coats__Jacket.png',1,'Makoti ya Wanawake ,Jacket za Kike ,Makoti ya Kisasa ,Nguo za kike ,clothes ,','2024-10-08 08:36:53.177057'),(85,'Shoes',24,'e360/subcategory/icon/Shoes.png',1,'Shoes ,Viatu vya kike ,viatu ,High heels ,Fashion Sneakers ,Women shoes ,woman shoes ,','2024-10-08 08:36:53.177057'),(86,'Jewelry & Watches',24,'e360/subcategory/icon/Jewelry__Watches.png',1,'Jewelry ,Watches ,mikufu , saa za kike ,dhahabu ,Nguo za kike ,Clothes ,','2024-10-08 08:36:53.177057'),(87,'Underwear',24,'e360/subcategory/icon/underwear.png',1,'Underwear ,Chupi ,Chupi za kike ,Tait za kike ,Sidiria ,Nguo za kike ,clothes ,','2024-10-08 08:36:53.177057'),(88,'Other Accessories',24,'e360/subcategory/icon/Other_Accessories.png',1,'Hair ,Belts ,Sunglasses ,Brooches & Pins ,earrings ,hereni ,nywele ,hair , women hair ,','2024-10-08 08:36:53.177057'),(89,'Bags',25,'e360/subcategory/icon/Bags_mK8lLVd.png',1,'Bags ,begi za watoto ,begi za shule ,mabegi ya watoto ,mabegi ya shule ,','2024-10-08 08:36:53.177057'),(90,'Shirts & T-Shirts',25,'e360/subcategory/icon/Shirts__T-Shirts_uMPaMfq.png',1,'Shirts ,T-Shirts ,mashati ya watoto ,flana za watoto ,','2024-10-08 08:36:53.177057'),(91,'Shorts and Trousers',25,'e360/subcategory/icon/Shorts_and_Trousers.png',1,'Shorts ,Trousers ,pensi za watoto ,suruali za watoto ,','2024-10-08 08:36:53.177057'),(92,'Suits',25,'e360/subcategory/icon/Suits.png',1,'Suits ,suti za watoto ,suti za watoto kiume ,suti za watoto wa kike ,','2024-10-08 08:36:53.177057'),(93,'Coats & Jackets',25,'e360/subcategory/icon/Coats__Jacket_ZJwpknT.png',1,'Coats ,Jackets ,masweta ya watoto ,masweta ya shule ,makoti ya watoto ,makoti ya mvua ya watoto ,','2024-10-08 08:36:53.177057'),(94,'Shoes',25,'e360/subcategory/icon/Shoes_5kKJYAb.png',1,'Shoes ,Viatu vya watoto ,viatu ,viatu vya shule ,buti za watoto ,','2024-10-08 08:36:53.177057'),(95,'Jewelry & Watches',25,'e360/subcategory/icon/Jewelry__Watches_J6NBJJ1.png',1,'Jewelry ,Watches ,saa za watoto ,saa za watoto wakike ,saa za watoto wa kiume ,','2024-10-08 08:36:53.177057'),(96,'Underwears',25,'e360/subcategory/icon/underwear_KIGy0BL.png',1,'Chupi za watoto ,nepi ,nepi za watoto ,Pampers ,','2024-10-08 08:36:53.177057'),(97,'Toys',25,'e360/subcategory/icon/Toys.png',1,'Toys ,vitu vya kuchezea watoto ,Educational Toys ,Outdoor Toys ,','2024-10-08 08:36:53.177057'),(98,'Learning Tools',25,'e360/subcategory/icon/Learning_Tools.png',1,'Educational Resources ,Study Aids ,Interactive Learning ,','2024-10-08 08:36:53.177057'),(99,'Seats',25,'e360/subcategory/icon/Seats.png',1,'Seats ,baiskeli za watoto ,Kids\' Seating ,','2024-10-08 08:36:53.177057'),(100,'Other Accessories',25,'e360/subcategory/icon/Other_Accessories_Q4XxcBC.png',1,'Kids\' Backpacks ,Lunch Boxes ,Hats & Caps ,Bibs & Burp Cloths ,','2024-10-08 08:36:53.177057'),(101,'Feeds',26,'e360/subcategory/icon/canned-food.png',1,'Feeds ,Animal Feeds ,Animal Food , Chakula Cha Wanyama ,','2024-10-08 08:36:53.177057'),(102,'Animals',26,'e360/subcategory/icon/animal-2.png',1,'Animal ,Animals ,Wanyama ,','2024-10-08 08:36:53.177057'),(103,'Accessories',26,'e360/subcategory/icon/feeder.png',1,'Feeder ,Vifaa Vya Kulia Vya wanyama ,','2024-10-08 08:36:53.177057'),(104,'Meals',27,'e360/subcategory/icon/fish-meal.png',1,'Meals ,Mulo ,Chakula ,Mama Nitilie ,Mamanitilie ,Restaurant ,Restaurants ,Sehemu Za Kula ,','2024-10-08 08:36:53.177057'),(105,'Grocery',27,'e360/subcategory/icon/grocery-store.png',1,'soko, Grocery ,food store ,store za chakula ,super market ,soko za chakula ,','2024-10-08 08:36:53.177057'),(106,'Catering',27,'e360/subcategory/icon/catering.png',1,'Catering ,','2024-10-08 08:36:53.177057'),(107,'Seeds/Plants',27,'e360/subcategory/icon/seeds.png',1,'Seeds ,Plant ,Seed ,Plants ,Mbegu ,mmea ,mimea ,','2024-10-08 08:36:53.177057'),(109,'Catering',28,'e360/subcategory/icon/catering-service.png',1,'Catering Equipment ,Catering Equipments ,Vifaa vya upishi , Upishi ,Sherehe ,','2024-10-08 08:36:53.177057'),(110,'Medical',28,'e360/subcategory/icon/surgery-equipment.png',1,'Medical ,Vifaa vya matibabu ,vifaa vya hospitali ,matibabu ,','2024-10-08 08:36:53.177057'),(111,'Salon',28,'e360/subcategory/icon/salon-furniture.png',1,'Salon ,Saluni ,Kunyoa ,Kinyozi ,Vifaa vya kunyoa ,','2024-10-08 08:36:53.177057'),(112,'Manufacturing',28,'e360/subcategory/icon/textile.png',1,'Manufacturing ,viwanda ,vifaa vya viwanda ,','2024-10-08 08:36:53.177057'),(113,'Industrial',28,'e360/subcategory/icon/industrial.png',1,'Industrial ,Viwanda ,Kiwanda ,Mashine za viwanda ,Mashine za kiwanda ,','2024-10-08 08:36:53.177057'),(114,'Machinery',28,'e360/subcategory/icon/machinery.png',1,'Machinery ,Mashine ,','2024-10-08 08:36:53.177057'),(115,'Construction',28,'e360/subcategory/icon/construction-tool.png',1,'Construction ,Ujenzi ,Vifaa vya Ujenzi ,Vifaa vya kujenga ,Mashine za kujenga ,Mashine za ujenzi ,Mashine ya Ujenzi ,','2024-10-08 08:36:53.177057'),(116,'Business Coaching',29,'e360/subcategory/icon/mentoring.png',1,'Business Coaching ,Coaching ,Coach ,Kujifunza ,Shule ,Training ,Kufundisha ,Elimu ,Darasa ,Madarasa ,Kufundisha biashara ,kujifunza biashara ,Mafunzo ,Ukumbi wa michezo ,Michenzo ,','2024-10-08 08:36:53.177057'),(117,'Classes & Trainings',29,'e360/subcategory/icon/webinar.png',1,'Classes , Trainings ,Classes & Trainings ,Classes and Trainings ,Class ,Training ,','2024-10-08 08:36:53.177057'),(118,'Schools',29,'e360/subcategory/icon/graduation-cap-variant.png',1,'Schools ,School ,Shule ,University ,Universities ,Preschool ,Daycare ,shall ya awali ,shule ya watoto ,chuo ,chuo kikuu ,','2024-10-08 08:36:53.177057'),(119,'Building Materials',30,'e360/subcategory/icon/building-material.png',1,'Building Materials ,Building Material ,Building ,Ujenzi','2024-10-08 08:36:53.177057'),(120,'Power & Electrical Supplies',30,'e360/subcategory/icon/circuit.png',1,'Power Electrical Supplies ,Electrical Supplies ,Power Supplies ,Electrical ,Umeme ,Vifaa vya umeme ,','2024-10-08 08:36:53.177057'),(121,'Fencing & Barriers',30,'e360/subcategory/icon/picket-fence.png',1,'Fencing ,Barriers ,Security Fence ,uzio ,fence ,','2024-10-08 08:36:53.177057'),(122,'Solar & Accessories',30,'e360/subcategory/icon/solar-energy.png',1,'Solar ,solar panel ,solar panels ,solar system ,solar systems ,','2024-10-08 08:36:53.177057'),(123,'Measuring Tools',30,'e360/subcategory/icon/measuring-tool.png',1,'Measuring Tools ,Measuring Tool ,Measuring ,Measurement , Measurements ,vifaa vya kupima ,kipimo ,','2024-10-08 08:36:53.177057'),(124,'Farming Tools',30,'e360/subcategory/icon/farming-tools.png',1,'Farming Tools ,Farming Tool ,Vifaa vya kilimo ,Kilimo ,','2024-10-08 08:36:53.177057'),(125,'Plumbing Tools',30,'e360/subcategory/icon/plumbing-tools.png',1,'Plumbing ,Plumbing Tools ,Plumbing Tool ,Fivaa vya mabomba ,Vyombo vya mabomba ,Bomba ,','2024-10-08 08:36:53.177057'),(126,'Dresses',24,'e360/subcategory/icon/Screenshot_2024-09-30_at_4.31.00PM.png',1,'Dress ,Dresses ,Kanzu ,Gauni ,Nguo za kike ,clothes ,','2024-10-08 08:36:53.177057'),(142,'Music Equipments',12,'e360/subcategory/icon/music_KAS2bMv.png',1,'Music ,Music Equipments ,Music Equipment ,Mziki ,Muziki ,Vyombo vya mziki ,','2024-11-15 21:06:12.802005'),(143,'Gift',27,'e360/subcategory/icon/Capture.PNG',1,'wedding gift, birthday gift, gift,','2024-11-21 14:38:02.999524'),(144,'Home Decoration',16,'e360/subcategory/icon/Capture_PrYWj7z.PNG',1,'home deco ,decoration ,','2024-12-07 16:00:48.914273'),(145,'Spare Parts',30,'e360/subcategory/icon/brake.png',1,'Spare Parts ,vehicle Spare Parts ,vyuma vya gari ,vifaa via gari ,','2025-01-03 15:38:43.812669'),(147,'Spare Parts',17,'e360/subcategory/icon/1000316538.png',1,'spare','2025-02-03 11:52:13.331968'),(150,'Food Wholesale',36,'e360/subcategory/icon/wholesale-2.png',1,'Chakula ,Jumla ,','2025-03-04 23:14:27.369690'),(157,'Office & School Supplies',37,'e360/subcategory/icon/stationary_FvBF6RT.png',1,'Office supply ,office supplies ,stationary ,stationaries ,','2025-03-05 00:38:17.053146'),(158,'Foundation Supplies',38,'e360/subcategory/icon/construction.png',1,'Home Foundation Supplies ,Foundation ,','2025-03-05 01:16:03.797661'),(159,'Roofing Supplies',38,'e360/subcategory/icon/roof.png',1,'Roof Supplies ,Roof ,Roofing ,','2025-03-05 01:18:03.099565'),(160,'Interior and Exterior Wall Supplies',38,'e360/subcategory/icon/wall.png',1,'Wall Supplies ,wall ,visa via ujenzi ,','2025-03-05 01:23:01.488955'),(161,'Flooring Supplies',38,'e360/subcategory/icon/parquet.png',1,'Flooring Supplies ,Flooring ,Floor ,','2025-03-05 01:25:07.025894'),(162,'Windows & Doors',38,'e360/subcategory/icon/window.png',1,'window ,windows ,door ,doors ,mlango ,dirisha ,milango ,madirisha ,','2025-03-05 01:29:29.275095'),(164,'Other Products Wholesale',36,'e360/subcategory/icon/red-beans.png',1,'Kariakoo ,kulangua ,Jumla ,Langua ,Vitu vya jumla ,','2025-03-12 00:19:34.341892');

--
-- Table structure for table `product_websitecategory`
--

CREATE TABLE `product_websitecategory` (
  `id` bigint NOT NULL AUTO_INCREMENT,
  `category_list` varchar(255) DEFAULT NULL,
  `created_at` datetime(6) NOT NULL,
  PRIMARY KEY (`id`)
) ENGINE=InnoDB DEFAULT CHARSET=utf8mb4 COLLATE=utf8mb4_0900_ai_ci;

--
-- Dumping data for table `product_websitecategory`
--


--
-- Table structure for table `setting_setting`
--

CREATE TABLE `setting_setting` (
  `id` bigint NOT NULL AUTO_INCREMENT,
  `field` varchar(255) COLLATE utf8mb4_general_ci NOT NULL,
  `value` longtext COLLATE utf8mb4_general_ci NOT NULL,
  `created_at` datetime(6) NOT NULL,
  `updated_at` datetime(6) NOT NULL,
  `deleted_at` datetime(6) DEFAULT NULL,
  PRIMARY KEY (`id`),
  UNIQUE KEY `field` (`field`)
) ENGINE=InnoDB AUTO_INCREMENT=6 DEFAULT CHARSET=utf8mb4 COLLATE=utf8mb4_general_ci;

--
-- Dumping data for table `setting_setting`
--

INSERT INTO `setting_setting` VALUES (1,'tax','0','2025-03-11 14:42:50.000000','2025-04-18 20:57:13.810447',NULL),(2,'platform_fee','1500','2025-03-11 14:42:50.000000','2025-04-18 21:26:18.160689',NULL),(3,'shipping_fee','0','2025-03-11 15:56:08.000000','2025-04-22 02:29:50.085844',NULL),(4,'free_shipping_amount','400000','2025-03-11 15:56:32.000000','2025-04-17 11:09:43.126837',NULL),(5,'vendor_platform_fee','5','2025-03-11 14:42:50.000000','2025-04-30 12:53:10.788087',NULL);

--
-- Table structure for table `suscription_plan`
--

CREATE TABLE `suscription_plan` (
  `id` bigint NOT NULL AUTO_INCREMENT,
  `name` varchar(20) NOT NULL,
  `limit` int DEFAULT NULL,
  `price` double DEFAULT NULL,
  `price12` double DEFAULT NULL,
  `price3` double DEFAULT NULL,
  `price6` double DEFAULT NULL,
  `created_at` datetime(6) NOT NULL,
  PRIMARY KEY (`id`)
) ENGINE=InnoDB AUTO_INCREMENT=4 DEFAULT CHARSET=utf8mb4 COLLATE=utf8mb4_0900_ai_ci;

--
-- Dumping data for table `suscription_plan`
--

INSERT INTO `suscription_plan` VALUES (1,'Free',10000,NULL,NULL,NULL,NULL,'2024-10-08 08:36:54.993423'),(2,'Silver',50000,14000,100000,35000,60000,'2024-10-08 08:36:54.993423'),(3,'Gold',NULL,25000,180000,65000,110000,'2024-10-08 08:36:54.993423');

--
-- Table structure for table `suscription_subscribe`
--

CREATE TABLE `suscription_subscribe` (
  `id` bigint NOT NULL AUTO_INCREMENT,
  `duration` int DEFAULT NULL,
  `plan_id` bigint NOT NULL,
  `user_id` bigint NOT NULL,
  `created_at` datetime(6) NOT NULL,
  `is_expired` tinyint(1) NOT NULL,
  `expiration_date` datetime(6) DEFAULT NULL,
  PRIMARY KEY (`id`),
  KEY `suscription_subscribe_plan_id_e6deabee_fk_suscription_plan_id` (`plan_id`),
  KEY `suscription_subscribe_user_id_51a3c962_fk_login_signup_user_id` (`user_id`),
  CONSTRAINT `suscription_subscribe_plan_id_e6deabee_fk_suscription_plan_id` FOREIGN KEY (`plan_id`) REFERENCES `suscription_plan` (`id`),
  CONSTRAINT `suscription_subscribe_user_id_51a3c962_fk_login_signup_user_id` FOREIGN KEY (`user_id`) REFERENCES `login_signup_user` (`id`)
) ENGINE=InnoDB AUTO_INCREMENT=1540 DEFAULT CHARSET=utf8mb4 COLLATE=utf8mb4_0900_ai_ci;

--
-- Dumping data for table `suscription_subscribe`
--

INSERT INTO `suscription_subscribe` VALUES (38,NULL,1,104,'2024-11-05 09:08:05.046982',0,NULL),(39,12,3,96,'2025-01-15 11:56:15.127647',1,'2025-01-27 11:56:15.127647'),(40,NULL,1,197,'2024-11-05 11:39:56.296506',0,NULL),(41,NULL,1,225,'2024-11-05 14:13:48.611757',0,NULL),(42,NULL,1,234,'2024-11-05 14:24:34.675764',0,NULL),(43,NULL,1,240,'2024-11-05 14:30:58.108511',0,NULL),(44,NULL,1,241,'2024-11-05 14:35:55.457685',0,NULL),(45,NULL,1,267,'2024-11-05 16:28:40.547953',0,NULL),(47,NULL,1,398,'2024-11-06 13:31:29.371495',0,NULL),(48,NULL,1,400,'2024-11-06 13:53:08.894410',0,NULL),(49,NULL,1,429,'2024-11-07 04:37:36.779484',0,NULL),(50,NULL,1,440,'2024-11-07 10:42:50.926225',0,NULL),(52,1,2,447,'2024-11-28 10:08:27.795624',1,'2024-11-29 10:08:27.795624'),(53,1,1,443,'2024-11-25 08:25:27.354223',1,'2024-11-26 08:25:27.354223'),(55,NULL,1,327,'2024-11-08 11:51:10.525148',0,NULL),(56,NULL,1,478,'2024-11-08 12:14:41.968637',0,NULL),(57,NULL,1,442,'2024-11-08 17:33:11.188997',0,NULL),(58,NULL,1,487,'2024-11-08 19:46:10.525088',0,NULL),(59,NULL,1,496,'2024-11-09 12:16:08.341194',0,NULL),(60,NULL,1,499,'2024-11-10 07:12:38.785365',0,NULL),(61,NULL,1,615,'2024-11-10 11:18:14.025907',0,NULL),(62,NULL,1,616,'2024-11-10 11:37:30.916064',0,NULL),(63,NULL,1,667,'2024-11-11 14:18:08.755215',0,NULL),(64,NULL,1,682,'2024-11-11 18:20:57.735937',0,NULL),(67,NULL,1,706,'2024-11-12 09:01:51.212516',0,NULL),(68,1,3,709,'2024-11-20 04:38:06.127899',1,'2024-11-21 04:38:06.127899'),(69,NULL,1,710,'2024-11-12 10:29:58.377350',0,NULL),(71,1,1,729,'2024-11-23 17:07:52.954751',1,'2024-11-24 17:07:52.954751'),(74,1,2,733,'2024-11-13 14:11:06.683472',1,'2024-11-14 14:11:06.683472'),(82,NULL,1,776,'2024-11-14 08:25:33.192360',0,NULL),(83,NULL,1,847,'2024-11-15 15:15:02.109851',0,NULL),(84,NULL,1,756,'2024-11-15 16:22:10.809197',0,NULL),(86,NULL,1,996,'2024-11-21 10:27:41.248337',0,NULL),(87,NULL,1,998,'2024-11-21 10:55:04.217141',0,NULL),(89,1,3,946,'2025-01-05 13:37:04.659725',1,'2025-01-06 13:37:04.659725'),(90,1,1,881,'2024-11-23 18:46:34.224798',1,'2024-11-24 18:46:34.224798'),(91,NULL,1,486,'2024-11-23 18:04:09.976388',0,NULL),(92,NULL,1,466,'2024-11-23 18:04:48.326659',0,NULL),(94,NULL,1,1090,'2024-11-26 08:45:40.534685',0,NULL),(95,NULL,1,1114,'2024-11-27 10:40:12.976970',0,NULL),(96,NULL,1,1116,'2024-11-27 11:57:10.579973',0,NULL),(98,NULL,1,1319,'2024-12-04 08:41:09.868891',0,NULL),(99,6,1,1326,'2024-12-05 10:33:41.920144',1,'2024-12-11 10:33:41.920144'),(101,3,2,1351,'2025-02-07 07:22:27.862267',1,'2025-02-10 07:22:27.862267'),(102,NULL,1,1349,'2024-12-05 12:39:27.161770',0,NULL),(103,12,1,1359,'2025-01-26 00:04:51.745814',1,'2025-02-07 00:04:51.745814'),(104,12,2,1360,'2025-01-14 11:27:06.117768',1,'2025-01-26 11:27:06.117768'),(105,NULL,1,935,'2024-12-06 07:31:16.886123',0,NULL),(106,NULL,1,806,'2024-12-06 22:47:34.395488',0,NULL),(107,NULL,1,1380,'2024-12-07 15:33:08.860566',0,NULL),(109,1,2,1404,'2024-12-21 09:35:36.266619',1,'2024-12-22 09:35:36.266619'),(110,12,2,1405,'2024-12-10 12:02:54.457129',1,'2024-12-22 12:02:54.457129'),(111,NULL,1,1406,'2024-12-10 16:28:43.881897',0,NULL),(112,12,3,1413,'2024-12-11 12:56:56.471433',1,'2024-12-23 12:56:56.471433'),(113,NULL,1,1468,'2024-12-16 11:17:46.167640',0,NULL),(114,NULL,1,1508,'2024-12-21 09:55:23.632011',0,NULL),(115,NULL,1,1510,'2024-12-21 11:47:59.579128',0,NULL),(116,12,3,1512,'2024-12-24 12:13:57.891325',1,'2025-01-05 12:13:57.891325'),(117,NULL,1,1513,'2024-12-21 13:52:13.861152',0,NULL),(118,12,3,1524,'2024-12-23 15:48:38.025035',1,'2025-01-04 15:48:38.025035'),(119,NULL,1,1526,'2024-12-23 11:55:21.609909',0,NULL),(120,NULL,1,1589,'2025-01-06 08:10:06.697194',0,NULL),(121,NULL,1,1494,'2025-01-07 12:54:43.823381',0,NULL),(122,NULL,1,893,'2025-01-08 12:52:55.565896',0,NULL),(127,3,3,1748,'2025-01-20 09:51:10.329871',1,'2025-01-23 09:51:10.329871'),(130,3,2,1752,'2025-01-20 14:46:20.326060',1,'2025-01-23 14:46:20.326060'),(135,NULL,1,1757,'2025-01-20 18:01:01.187420',0,NULL),(136,12,3,1762,'2025-01-22 08:50:29.580459',1,'2025-02-03 08:50:29.580459'),(137,12,2,1765,'2025-01-22 09:46:02.591837',1,'2025-02-03 09:46:02.591837'),(138,NULL,1,1766,'2025-01-22 09:19:44.443715',0,NULL),(139,NULL,1,1767,'2025-01-22 09:32:19.513095',0,NULL),(140,NULL,1,1768,'2025-01-22 09:55:46.173115',0,NULL),(141,NULL,1,1770,'2025-01-22 10:06:03.837910',0,NULL),(142,NULL,1,1778,'2025-01-22 10:16:09.757776',0,NULL),(143,NULL,1,1777,'2025-01-22 10:16:44.462036',0,NULL),(144,NULL,1,1780,'2025-01-22 10:21:07.604564',0,NULL),(145,NULL,1,1782,'2025-01-22 10:28:25.335667',0,NULL),(146,NULL,1,1786,'2025-01-22 10:36:14.052043',0,NULL),(147,NULL,1,1785,'2025-01-22 10:44:12.529981',0,NULL),(148,NULL,1,1788,'2025-01-22 10:51:02.517895',0,NULL),(149,NULL,1,1790,'2025-01-22 11:11:33.372624',0,NULL),(150,NULL,1,1794,'2025-01-22 11:20:30.441474',0,NULL),(151,NULL,1,1793,'2025-01-22 11:25:40.543212',0,NULL),(152,NULL,1,1798,'2025-01-22 11:36:20.793572',0,NULL),(153,NULL,1,1799,'2025-01-22 11:44:54.957281',0,NULL),(154,NULL,1,1801,'2025-01-22 12:02:24.930122',0,NULL),(155,NULL,1,1803,'2025-01-22 12:25:16.280736',0,NULL),(156,NULL,1,1804,'2025-01-22 12:26:31.353761',0,NULL),(157,NULL,1,1806,'2025-01-22 12:32:57.743807',0,NULL),(158,NULL,1,1807,'2025-01-22 13:01:58.793639',0,NULL),(159,12,3,1808,'2025-01-22 13:40:31.353277',1,'2025-02-03 13:40:31.353277'),(160,NULL,1,1810,'2025-01-22 13:28:24.623184',0,NULL),(161,NULL,1,1814,'2025-01-22 14:09:36.608002',0,NULL),(162,NULL,1,1815,'2025-01-22 14:11:44.584695',0,NULL),(163,NULL,1,1818,'2025-01-22 14:53:15.367887',0,NULL),(164,NULL,1,1820,'2025-01-22 15:03:43.968426',0,NULL),(165,12,3,1825,'2025-01-23 07:36:56.023598',1,'2025-02-04 07:36:56.023598'),(167,NULL,1,1830,'2025-01-23 08:29:28.890770',0,NULL),(168,NULL,1,1836,'2025-01-23 09:08:25.219458',0,NULL),(169,NULL,1,1838,'2025-01-23 09:17:19.153418',0,NULL),(170,NULL,1,1840,'2025-01-23 09:31:03.799859',0,NULL),(171,NULL,1,1842,'2025-01-23 09:42:57.735109',0,NULL),(172,NULL,1,1843,'2025-01-23 10:00:32.733755',0,NULL),(173,NULL,1,1844,'2025-01-23 10:03:15.071442',0,NULL),(174,12,3,1845,'2025-01-23 10:44:27.393069',1,'2025-02-04 10:44:27.393069'),(175,NULL,1,1847,'2025-01-23 10:22:08.676372',0,NULL),(177,12,3,1855,'2025-01-23 11:18:50.692735',1,'2025-02-04 11:18:50.692735'),(178,NULL,1,1852,'2025-01-23 11:18:30.531072',0,NULL),(179,12,3,1848,'2025-01-30 21:14:22.563861',1,'2025-02-11 21:14:22.563861'),(180,NULL,1,1858,'2025-01-23 11:47:56.142332',0,NULL),(181,NULL,1,1859,'2025-01-23 11:49:33.824846',0,NULL),(182,NULL,1,1860,'2025-01-23 12:11:13.031104',0,NULL),(183,NULL,1,1861,'2025-01-23 12:13:09.463682',0,NULL),(184,NULL,1,1863,'2025-01-23 12:32:43.064843',0,NULL),(186,NULL,1,1862,'2025-01-23 12:59:06.483989',0,NULL),(187,NULL,1,1869,'2025-01-23 13:03:57.846132',0,NULL),(188,NULL,1,1874,'2025-01-23 13:10:37.974073',0,NULL),(189,NULL,1,1864,'2025-01-23 13:11:34.545346',0,NULL),(190,NULL,1,1876,'2025-01-23 13:17:43.569686',0,NULL),(191,NULL,1,1873,'2025-01-23 13:21:13.517070',0,NULL),(192,NULL,1,1877,'2025-01-23 13:29:10.815335',0,NULL),(193,12,2,1878,'2025-02-06 20:14:29.769049',1,'2025-02-18 20:14:29.769049'),(194,12,3,1879,'2025-01-23 13:55:24.789029',1,'2025-02-04 13:55:24.789029'),(195,NULL,1,1882,'2025-01-23 14:11:57.981607',0,NULL),(196,NULL,1,1884,'2025-01-23 14:38:12.605022',0,NULL),(197,NULL,1,1886,'2025-01-23 14:41:42.339246',0,NULL),(199,NULL,1,1896,'2025-01-23 15:15:13.991781',0,NULL),(200,NULL,1,1897,'2025-01-23 15:29:26.222891',0,NULL),(201,12,3,1898,'2025-01-23 15:59:06.686607',1,'2025-02-04 15:59:06.686607'),(202,NULL,1,1895,'2025-01-23 15:35:10.853223',0,NULL),(203,12,3,1900,'2025-01-23 16:03:55.246644',1,'2025-02-04 16:03:55.246644'),(204,12,3,1901,'2025-01-23 16:00:19.650454',1,'2025-02-04 16:00:19.650454'),(205,12,3,1899,'2025-01-23 15:59:35.309621',1,'2025-02-04 15:59:35.309621'),(206,12,3,1903,'2025-01-24 07:55:54.555546',1,'2025-02-05 07:55:54.555546'),(207,NULL,1,1904,'2025-01-24 08:31:04.818930',0,NULL),(208,12,3,1906,'2025-01-24 08:33:46.132128',1,'2025-02-05 08:33:46.132128'),(209,12,3,1908,'2025-01-24 08:37:28.948867',1,'2025-02-05 08:37:28.948867'),(210,NULL,1,1909,'2025-01-24 08:43:26.292287',0,NULL),(211,NULL,1,1914,'2025-01-24 09:25:51.481428',0,NULL),(212,NULL,1,1915,'2025-01-24 09:32:35.813405',0,NULL),(213,12,3,1916,'2025-01-24 09:40:54.209113',1,'2025-02-05 09:40:54.209113'),(214,NULL,1,1919,'2025-01-24 10:44:46.081342',0,NULL),(215,12,3,1920,'2025-01-24 11:02:35.173617',1,'2025-02-05 11:02:35.173617'),(216,12,3,1921,'2025-01-24 11:38:05.913412',1,'2025-02-05 11:38:05.913412'),(217,NULL,1,1922,'2025-01-24 11:56:02.948867',0,NULL),(218,12,3,1924,'2025-01-24 13:35:09.991008',1,'2025-02-05 13:35:09.991008'),(219,NULL,1,1927,'2025-01-24 14:03:58.301406',0,NULL),(220,NULL,1,1931,'2025-01-26 20:58:31.016749',0,NULL),(221,NULL,1,1934,'2025-01-27 08:15:44.511144',0,NULL),(222,NULL,1,1935,'2025-01-27 09:13:13.653041',0,NULL),(223,NULL,1,1936,'2025-01-27 11:04:34.746509',0,NULL),(224,NULL,1,1940,'2025-01-27 13:37:00.449863',0,NULL),(225,12,3,1942,'2025-01-27 14:03:13.805652',1,'2025-02-08 14:03:13.805652'),(226,12,2,1943,'2025-01-27 14:40:30.732481',1,'2025-02-08 14:40:30.732481'),(227,12,3,1944,'2025-01-27 15:07:01.731253',1,'2025-02-08 15:07:01.731253'),(228,NULL,1,1945,'2025-01-27 15:37:20.427724',0,NULL),(229,NULL,1,1947,'2025-01-28 07:19:22.359392',0,NULL),(230,NULL,1,1949,'2025-01-28 07:42:18.607671',0,NULL),(231,NULL,1,1950,'2025-01-28 07:47:17.400452',0,NULL),(232,NULL,1,1952,'2025-01-28 07:54:01.636297',0,NULL),(233,NULL,1,1951,'2025-01-28 08:01:15.805745',0,NULL),(234,NULL,1,1954,'2025-01-28 08:22:27.333418',0,NULL),(235,NULL,1,1956,'2025-01-28 08:25:05.913550',0,NULL),(236,NULL,1,1960,'2025-01-28 08:38:05.141629',0,NULL),(237,NULL,1,1955,'2025-01-28 08:39:06.188209',0,NULL),(238,12,3,1959,'2025-01-28 08:47:56.310249',1,'2025-02-09 08:47:56.310249'),(239,NULL,1,1961,'2025-01-28 08:46:29.803920',0,NULL),(240,NULL,1,1965,'2025-01-28 09:08:26.302509',0,NULL),(241,NULL,1,1964,'2025-01-28 09:27:22.102458',0,NULL),(242,NULL,1,1966,'2025-01-28 09:49:53.971811',0,NULL),(243,NULL,1,1969,'2025-01-28 10:28:16.777269',0,NULL),(244,NULL,1,1975,'2025-01-28 11:19:54.843823',0,NULL),(245,NULL,1,1977,'2025-01-28 11:48:45.211933',0,NULL),(246,NULL,1,1979,'2025-01-28 12:22:56.911802',0,NULL),(247,NULL,1,1983,'2025-01-28 13:17:24.314575',0,NULL),(248,NULL,1,1987,'2025-01-28 14:27:25.845530',0,NULL),(249,NULL,1,1991,'2025-01-28 14:35:49.252058',0,NULL),(250,NULL,1,1993,'2025-01-28 14:54:13.905619',0,NULL),(251,NULL,1,1990,'2025-01-28 14:57:02.984855',0,NULL),(252,12,3,1994,'2025-01-28 15:34:41.446182',1,'2025-02-09 15:34:41.446182'),(253,NULL,1,1996,'2025-01-28 15:47:19.074569',0,NULL),(254,NULL,1,1998,'2025-01-28 16:18:09.990510',0,NULL),(255,NULL,1,2007,'2025-01-29 09:07:57.548651',0,NULL),(256,NULL,1,2006,'2025-01-29 09:08:14.748398',0,NULL),(257,NULL,1,2009,'2025-01-29 09:42:17.625674',0,NULL),(258,12,3,2013,'2025-01-29 10:27:42.908542',1,'2025-02-10 10:27:42.908542'),(259,NULL,1,2010,'2025-01-29 10:01:54.420368',0,NULL),(261,NULL,1,2014,'2025-01-29 10:43:01.880602',0,NULL),(262,NULL,1,2016,'2025-01-29 10:57:56.917309',0,NULL),(263,NULL,1,2018,'2025-01-29 11:17:56.012680',0,NULL),(264,NULL,1,2019,'2025-01-29 11:18:24.020301',0,NULL),(265,NULL,1,2021,'2025-01-29 11:30:13.090860',0,NULL),(266,NULL,1,2027,'2025-01-29 12:16:30.714381',0,NULL),(267,NULL,1,2026,'2025-01-29 12:23:09.545713',0,NULL),(268,NULL,1,2031,'2025-01-29 12:46:16.754158',0,NULL),(269,NULL,1,2032,'2025-01-29 12:52:08.482303',0,NULL),(270,NULL,1,2030,'2025-01-29 12:59:49.452262',0,NULL),(271,NULL,1,2033,'2025-01-29 13:00:49.634507',0,NULL),(272,NULL,1,2034,'2025-01-29 13:17:09.053081',0,NULL),(273,NULL,1,2035,'2025-01-29 13:33:30.028367',0,NULL),(274,NULL,1,2036,'2025-01-29 13:37:27.175233',0,NULL),(275,NULL,1,2037,'2025-01-29 14:11:54.616805',0,NULL),(276,NULL,1,2040,'2025-01-29 14:41:53.948819',0,NULL),(277,NULL,1,2042,'2025-01-29 15:26:09.082326',0,NULL),(278,12,3,2044,'2025-01-31 07:49:09.620326',1,'2025-02-12 07:49:09.620326'),(279,NULL,1,2046,'2025-01-31 08:23:32.870405',0,NULL),(280,NULL,1,2047,'2025-01-31 08:48:51.402224',0,NULL),(281,NULL,1,2050,'2025-01-31 08:50:56.539311',0,NULL),(282,NULL,1,2051,'2025-01-31 08:56:18.941535',0,NULL),(283,12,3,2048,'2025-01-31 09:02:01.158878',1,'2025-02-12 09:02:01.158878'),(284,12,2,2049,'2025-01-31 09:14:18.738972',1,'2025-02-12 09:14:18.738972'),(285,NULL,1,2053,'2025-01-31 09:29:12.155761',0,NULL),(286,12,3,2056,'2025-01-31 10:49:06.999687',1,'2025-02-12 10:49:06.999687'),(287,NULL,1,2057,'2025-01-31 11:02:53.285757',0,NULL),(288,NULL,1,2058,'2025-01-31 11:04:04.515448',0,NULL),(289,NULL,1,2059,'2025-01-31 11:12:09.429735',0,NULL),(290,NULL,1,2054,'2025-01-31 11:38:12.764626',0,NULL),(292,NULL,1,2061,'2025-01-31 12:07:47.878973',0,NULL),(293,NULL,1,2062,'2025-01-31 12:25:14.670759',0,NULL),(294,NULL,1,2064,'2025-01-31 12:36:57.532113',0,NULL),(296,12,3,2066,'2025-01-31 13:05:36.925263',1,'2025-02-12 13:05:36.925263'),(297,NULL,1,2067,'2025-01-31 13:06:13.914927',0,NULL),(300,NULL,1,2070,'2025-01-31 15:59:21.023037',0,NULL),(304,NULL,1,2085,'2025-02-03 09:18:40.888493',0,NULL),(305,NULL,1,2086,'2025-02-03 09:55:46.207967',0,NULL),(306,NULL,1,2087,'2025-02-03 10:41:52.554346',0,NULL),(308,NULL,1,2089,'2025-02-03 11:31:16.209974',0,NULL),(310,NULL,1,2092,'2025-02-03 11:46:47.080588',0,NULL),(311,NULL,1,2093,'2025-02-03 12:09:49.431320',0,NULL),(329,NULL,1,2143,'2025-02-04 21:53:23.120709',0,NULL),(332,NULL,1,2150,'2025-02-05 07:40:16.205121',0,NULL),(333,NULL,1,2152,'2025-02-05 07:53:15.226969',0,NULL),(335,NULL,1,2156,'2025-02-05 08:34:07.349855',0,NULL),(336,NULL,1,2158,'2025-02-05 09:00:19.702089',0,NULL),(337,NULL,1,2159,'2025-02-05 09:32:12.889781',0,NULL),(339,NULL,1,2164,'2025-02-05 10:01:25.969782',0,NULL),(342,NULL,1,2172,'2025-02-05 11:23:12.041726',0,NULL),(346,NULL,1,2185,'2025-02-05 12:27:24.683662',0,NULL),(350,12,3,2196,'2025-02-06 07:34:31.114477',1,'2025-02-18 07:34:31.114477'),(351,NULL,1,2199,'2025-02-06 07:45:04.734713',0,NULL),(352,NULL,1,2198,'2025-02-06 07:50:48.407878',0,NULL),(353,NULL,1,2205,'2025-02-06 08:10:05.835692',0,NULL),(354,NULL,1,2206,'2025-02-06 08:27:29.735537',0,NULL),(355,NULL,1,2212,'2025-02-06 08:32:24.442446',0,NULL),(356,NULL,1,2213,'2025-02-06 08:35:34.240098',0,NULL),(357,NULL,1,2204,'2025-02-06 08:35:43.683046',0,NULL),(358,NULL,1,2214,'2025-02-06 08:46:04.544215',0,NULL),(359,NULL,1,2210,'2025-02-06 08:51:12.929955',0,NULL),(360,NULL,1,2215,'2025-02-06 08:59:19.003487',0,NULL),(361,NULL,1,2220,'2025-02-06 09:12:35.401344',0,NULL),(362,NULL,1,2222,'2025-02-06 09:21:41.520222',0,NULL),(363,NULL,1,2229,'2025-02-06 09:33:53.046831',0,NULL),(364,NULL,1,2231,'2025-02-06 09:45:34.353468',0,NULL),(365,NULL,1,2232,'2025-02-06 09:46:11.748163',0,NULL),(366,1,2,2230,'2025-02-07 10:33:43.762926',1,'2025-02-08 10:33:43.762926'),(367,NULL,1,2234,'2025-02-06 10:06:22.656162',0,NULL),(368,NULL,1,2237,'2025-02-06 10:12:19.255676',0,NULL),(369,NULL,1,2236,'2025-02-06 10:16:48.591284',0,NULL),(370,NULL,1,2235,'2025-02-06 10:18:27.195139',0,NULL),(371,NULL,1,2221,'2025-02-06 10:19:07.349984',0,NULL),(372,NULL,1,2238,'2025-02-06 10:20:37.606444',0,NULL),(373,NULL,1,2239,'2025-02-06 10:39:51.877611',0,NULL),(374,NULL,1,2243,'2025-02-06 10:54:22.914495',0,NULL),(375,NULL,1,2240,'2025-02-06 10:58:45.440070',0,NULL),(376,NULL,1,2244,'2025-02-06 10:58:53.235787',0,NULL),(377,NULL,1,2250,'2025-02-06 11:36:30.110454',0,NULL),(378,NULL,1,2251,'2025-02-06 11:48:26.734923',0,NULL),(379,NULL,1,2253,'2025-02-06 12:26:35.563388',0,NULL),(380,NULL,1,2259,'2025-02-06 12:35:34.742748',0,NULL),(381,NULL,1,2264,'2025-02-06 13:32:24.715469',0,NULL),(382,NULL,1,2261,'2025-02-06 13:43:37.751222',0,NULL),(383,NULL,1,2269,'2025-02-06 13:50:58.264701',0,NULL),(385,NULL,1,2274,'2025-02-06 14:02:08.045409',0,NULL),(386,NULL,1,2263,'2025-02-06 14:21:03.552205',0,NULL),(387,NULL,1,2276,'2025-02-06 14:22:11.140876',0,NULL),(388,NULL,1,2278,'2025-02-06 14:36:11.759608',0,NULL),(390,NULL,1,2282,'2025-02-06 15:04:48.033081',0,NULL),(391,NULL,1,2284,'2025-02-06 15:17:25.634693',0,NULL),(392,NULL,1,2285,'2025-02-06 15:28:29.369409',0,NULL),(393,NULL,1,2288,'2025-02-06 15:33:27.644507',0,NULL),(394,NULL,1,2290,'2025-02-06 15:34:23.031380',0,NULL),(396,NULL,1,2247,'2025-02-06 15:54:43.775120',0,NULL),(397,NULL,1,2293,'2025-02-06 16:07:24.218557',0,NULL),(398,NULL,1,2294,'2025-02-06 16:16:29.577169',0,NULL),(399,NULL,1,2295,'2025-02-06 16:33:48.598178',0,NULL),(400,NULL,1,2298,'2025-02-06 16:52:47.347555',0,NULL),(401,NULL,1,2299,'2025-02-06 16:54:44.761433',0,NULL),(402,NULL,1,2300,'2025-02-07 06:05:36.159965',0,NULL),(403,NULL,1,2301,'2025-02-07 06:30:49.295863',0,NULL),(404,NULL,1,2303,'2025-02-07 07:57:41.147746',0,NULL),(405,NULL,1,2309,'2025-02-07 09:11:07.544330',0,NULL),(406,NULL,1,2308,'2025-02-07 09:18:06.451990',0,NULL),(407,NULL,1,2312,'2025-02-07 09:20:13.511754',0,NULL),(408,NULL,1,2314,'2025-02-07 09:33:12.365092',0,NULL),(410,NULL,1,2318,'2025-02-07 09:39:52.651664',0,NULL),(411,NULL,1,2316,'2025-02-07 09:40:55.910721',0,NULL),(412,12,3,2319,'2025-02-07 09:43:36.450231',1,'2025-02-19 09:43:36.450231'),(413,NULL,1,2311,'2025-02-07 09:43:25.521266',0,NULL),(414,NULL,1,2320,'2025-02-07 09:51:08.661446',0,NULL),(415,NULL,1,2315,'2025-02-07 09:56:53.268787',0,NULL),(416,NULL,1,2321,'2025-02-07 09:59:37.598570',0,NULL),(417,NULL,1,2322,'2025-02-07 10:00:54.917479',0,NULL),(418,NULL,1,2324,'2025-02-07 10:03:01.461708',0,NULL),(419,NULL,1,2325,'2025-02-07 10:07:49.182691',0,NULL),(420,NULL,1,2326,'2025-02-07 10:18:28.783955',0,NULL),(421,NULL,1,2330,'2025-02-07 10:20:02.128798',0,NULL),(422,NULL,1,2331,'2025-02-07 10:24:05.593412',0,NULL),(423,NULL,1,2335,'2025-02-07 10:31:26.274469',0,NULL),(424,NULL,1,2336,'2025-02-07 10:35:47.908620',0,NULL),(425,NULL,1,2333,'2025-02-07 10:36:54.840317',0,NULL),(426,NULL,1,2211,'2025-02-07 10:50:22.658496',0,NULL),(427,NULL,1,2341,'2025-02-07 10:50:25.956016',0,NULL),(428,NULL,1,2339,'2025-02-07 10:51:26.745447',0,NULL),(429,NULL,1,2342,'2025-02-07 11:03:55.244706',0,NULL),(430,NULL,1,2334,'2025-02-07 11:07:05.750352',0,NULL),(431,NULL,1,2343,'2025-02-07 11:07:48.977073',0,NULL),(432,NULL,1,2346,'2025-02-07 11:17:03.450376',0,NULL),(433,NULL,1,2348,'2025-02-07 11:18:39.474721',0,NULL),(434,NULL,1,2347,'2025-02-07 11:19:13.382986',0,NULL),(435,NULL,1,2353,'2025-02-07 11:34:32.248277',0,NULL),(436,NULL,1,2350,'2025-02-07 11:35:20.617447',0,NULL),(437,NULL,1,2354,'2025-02-07 11:46:19.634351',0,NULL),(438,NULL,1,2338,'2025-02-07 11:47:18.838837',0,NULL),(439,NULL,1,2351,'2025-02-07 11:48:57.545945',0,NULL),(440,NULL,1,2357,'2025-02-07 11:57:01.512950',0,NULL),(441,NULL,1,2359,'2025-02-07 12:01:14.661363',0,NULL),(442,NULL,1,2356,'2025-02-07 12:07:04.268116',0,NULL),(444,NULL,1,2361,'2025-02-07 12:08:58.304546',0,NULL),(445,NULL,1,2368,'2025-02-07 12:25:05.583017',0,NULL),(446,NULL,1,2364,'2025-02-07 12:25:48.710229',0,NULL),(447,NULL,1,2363,'2025-02-07 12:27:32.313633',0,NULL),(448,12,3,2365,'2025-02-07 12:29:56.863239',1,'2025-02-19 12:29:56.863239'),(449,NULL,1,2370,'2025-02-07 12:36:40.817119',0,NULL),(450,NULL,1,2366,'2025-02-07 12:36:44.398530',0,NULL),(451,NULL,1,2373,'2025-02-07 12:47:03.085241',0,NULL),(452,NULL,1,2375,'2025-02-07 13:07:17.414318',0,NULL),(455,NULL,1,2382,'2025-02-07 13:17:13.686048',0,NULL),(456,NULL,1,2383,'2025-02-07 13:21:02.091454',0,NULL),(459,NULL,1,2378,'2025-02-07 13:29:28.035417',0,NULL),(460,NULL,1,2385,'2025-02-07 13:29:54.601247',0,NULL),(461,NULL,1,2388,'2025-02-07 13:39:14.635469',0,NULL),(464,NULL,1,2395,'2025-02-07 14:04:13.454119',0,NULL),(465,NULL,1,2396,'2025-02-07 14:10:53.855015',0,NULL),(466,NULL,1,2397,'2025-02-07 14:14:37.681113',0,NULL),(467,NULL,1,2402,'2025-02-07 14:31:35.234466',0,NULL),(468,NULL,1,2393,'2025-02-07 14:33:14.665640',0,NULL),(469,NULL,1,2404,'2025-02-07 14:43:44.095290',0,NULL),(470,NULL,1,2387,'2025-02-07 14:57:11.929086',0,NULL),(471,NULL,1,2380,'2025-02-07 15:02:41.534728',0,NULL),(472,NULL,1,2405,'2025-02-07 15:07:53.921893',0,NULL),(473,NULL,1,2406,'2025-02-07 15:18:18.532371',0,NULL),(474,NULL,1,2408,'2025-02-07 15:27:27.408347',0,NULL),(475,NULL,1,2414,'2025-02-07 15:28:57.973820',0,NULL),(476,NULL,1,2417,'2025-02-07 15:38:59.559068',0,NULL),(477,NULL,1,2415,'2025-02-07 15:49:01.479634',0,NULL),(478,NULL,1,2421,'2025-02-07 16:06:13.241539',0,NULL),(479,NULL,1,2422,'2025-02-07 16:13:22.482161',0,NULL),(480,NULL,1,2399,'2025-02-07 16:24:37.947897',0,NULL),(481,NULL,1,2427,'2025-02-07 16:28:11.754635',0,NULL),(482,NULL,1,2428,'2025-02-07 16:31:20.036642',0,NULL),(483,NULL,1,2430,'2025-02-07 16:36:40.124507',0,NULL),(484,NULL,1,2429,'2025-02-07 16:42:32.514075',0,NULL),(485,NULL,1,2431,'2025-02-07 16:44:40.290118',0,NULL),(486,NULL,1,2433,'2025-02-08 06:15:54.417635',0,NULL),(487,NULL,1,2436,'2025-02-08 07:20:03.142412',0,NULL),(488,NULL,1,2437,'2025-02-08 07:39:53.832875',0,NULL),(489,NULL,1,2438,'2025-02-08 07:48:29.935316',0,NULL),(490,NULL,1,2440,'2025-02-08 07:53:52.792360',0,NULL),(491,NULL,1,2442,'2025-02-08 08:14:54.038023',0,NULL),(492,NULL,1,2444,'2025-02-08 08:15:11.180349',0,NULL),(493,NULL,1,2447,'2025-02-08 08:48:12.751320',0,NULL),(494,NULL,1,2449,'2025-02-08 08:48:48.187855',0,NULL),(495,NULL,1,2452,'2025-02-08 08:52:05.019696',0,NULL),(496,NULL,1,2455,'2025-02-08 09:07:33.162295',0,NULL),(497,NULL,1,2458,'2025-02-08 09:13:05.127643',0,NULL),(498,NULL,1,2459,'2025-02-08 09:36:07.471860',0,NULL),(499,NULL,1,2461,'2025-02-08 09:36:21.475379',0,NULL),(500,NULL,1,2462,'2025-02-08 09:45:27.051298',0,NULL),(501,NULL,1,2446,'2025-02-08 09:51:45.426077',0,NULL),(502,NULL,1,2463,'2025-02-08 09:54:07.599570',0,NULL),(503,NULL,1,2465,'2025-02-08 09:54:47.600100',0,NULL),(504,NULL,1,2469,'2025-02-08 10:14:04.062464',0,NULL),(505,NULL,1,2467,'2025-02-08 10:21:20.308785',0,NULL),(506,NULL,1,2468,'2025-02-08 10:22:27.249599',0,NULL),(507,NULL,1,2471,'2025-02-08 10:27:48.520701',0,NULL),(508,NULL,1,2473,'2025-02-08 10:29:30.355806',0,NULL),(509,NULL,1,2474,'2025-02-08 10:31:11.828018',0,NULL),(510,NULL,1,2475,'2025-02-08 10:44:18.403341',0,NULL),(511,NULL,1,2477,'2025-02-08 10:50:45.021590',0,NULL),(512,NULL,1,2480,'2025-02-08 10:54:17.467383',0,NULL),(513,NULL,1,2479,'2025-02-08 11:02:31.057672',0,NULL),(514,NULL,1,2483,'2025-02-08 11:05:18.711493',0,NULL),(515,NULL,1,2484,'2025-02-08 11:08:48.557287',0,NULL),(516,NULL,1,2486,'2025-02-08 11:13:39.037081',0,NULL),(517,NULL,1,2487,'2025-02-08 11:15:56.409770',0,NULL),(518,NULL,1,2482,'2025-02-08 11:18:02.878975',0,NULL),(519,NULL,1,2488,'2025-02-08 11:19:49.559286',0,NULL),(520,NULL,1,2490,'2025-02-08 11:44:05.040339',0,NULL),(521,NULL,1,2494,'2025-02-08 11:59:57.192095',0,NULL),(522,NULL,1,2499,'2025-02-08 12:18:57.194286',0,NULL),(523,NULL,1,2506,'2025-02-08 12:44:30.014428',0,NULL),(524,NULL,1,2505,'2025-02-08 12:46:52.853390',0,NULL),(525,NULL,1,2492,'2025-02-08 12:47:04.456513',0,NULL),(526,NULL,1,2507,'2025-02-08 12:51:26.732174',0,NULL),(527,NULL,1,2305,'2025-02-08 13:18:15.287291',0,NULL),(528,NULL,1,2509,'2025-02-08 13:31:43.399962',0,NULL),(529,NULL,1,2514,'2025-02-08 13:49:57.887598',0,NULL),(530,NULL,1,2510,'2025-02-08 13:53:45.329226',0,NULL),(531,NULL,1,2518,'2025-02-08 14:17:21.428917',0,NULL),(532,NULL,1,2520,'2025-02-08 14:59:51.455876',0,NULL),(533,NULL,1,2519,'2025-02-08 15:00:00.161310',0,NULL),(534,NULL,1,2522,'2025-02-08 15:21:52.675582',0,NULL),(535,NULL,1,2523,'2025-02-08 15:41:00.069479',0,NULL),(536,NULL,1,2524,'2025-02-08 16:02:10.546666',0,NULL),(537,NULL,1,2525,'2025-02-08 16:08:31.578408',0,NULL),(539,NULL,1,2534,'2025-02-10 08:12:29.423390',0,NULL),(540,NULL,1,2536,'2025-02-10 08:15:49.096102',0,NULL),(541,NULL,1,2535,'2025-02-10 08:23:57.721233',0,NULL),(542,NULL,1,2538,'2025-02-10 08:33:02.823945',0,NULL),(543,NULL,1,2539,'2025-02-10 08:34:41.646950',0,NULL),(544,NULL,1,2540,'2025-02-10 08:41:15.115754',0,NULL),(545,NULL,1,2544,'2025-02-10 08:48:14.638487',0,NULL),(546,NULL,1,2545,'2025-02-10 08:53:07.910675',0,NULL),(547,NULL,1,2547,'2025-02-10 09:01:59.345135',0,NULL),(548,NULL,1,2547,'2025-02-10 09:01:59.348511',0,NULL),(549,NULL,1,2548,'2025-02-10 09:05:28.570653',0,NULL),(550,NULL,1,2551,'2025-02-10 09:09:44.760531',0,NULL),(551,NULL,1,2557,'2025-02-10 09:17:07.871625',0,NULL),(552,NULL,1,2558,'2025-02-10 09:19:31.843972',0,NULL),(553,NULL,1,2553,'2025-02-10 09:21:00.341592',0,NULL),(554,NULL,1,2533,'2025-02-10 09:21:42.594473',0,NULL),(555,NULL,1,2550,'2025-02-10 09:24:02.556684',0,NULL),(556,NULL,1,2561,'2025-02-10 09:34:32.038854',0,NULL),(557,NULL,1,2568,'2025-02-10 09:45:40.434338',0,NULL),(558,NULL,1,2564,'2025-02-10 09:49:18.634301',0,NULL),(559,NULL,1,2567,'2025-02-10 09:55:53.501145',0,NULL),(560,NULL,1,2573,'2025-02-10 09:57:22.861315',0,NULL),(561,NULL,1,2571,'2025-02-10 10:01:15.448026',0,NULL),(562,NULL,1,2578,'2025-02-10 10:12:13.727509',0,NULL),(563,NULL,1,2577,'2025-02-10 10:14:07.512346',0,NULL),(564,NULL,1,2572,'2025-02-10 10:15:20.362025',0,NULL),(565,NULL,1,2574,'2025-02-10 10:16:02.748310',0,NULL),(566,NULL,1,2580,'2025-02-10 10:17:32.088830',0,NULL),(567,NULL,1,2565,'2025-02-10 10:18:03.371916',0,NULL),(568,NULL,1,2576,'2025-02-10 10:18:30.842125',0,NULL),(569,NULL,1,2579,'2025-02-10 10:20:52.625237',0,NULL),(570,NULL,1,2582,'2025-02-10 10:31:34.706124',0,NULL),(571,NULL,1,2584,'2025-02-10 10:34:18.701906',0,NULL),(572,NULL,1,2562,'2025-02-10 10:37:14.418579',0,NULL),(573,NULL,1,2587,'2025-02-10 10:41:11.886981',0,NULL),(574,NULL,1,2592,'2025-02-10 10:52:28.138424',0,NULL),(575,NULL,1,2589,'2025-02-10 11:00:51.702942',0,NULL),(576,NULL,1,2597,'2025-02-10 11:03:41.297937',0,NULL),(577,NULL,1,2542,'2025-02-10 11:17:37.256109',0,NULL),(578,NULL,1,2601,'2025-02-10 11:19:21.615822',0,NULL),(579,NULL,1,2439,'2025-02-10 11:28:53.360863',0,NULL),(580,NULL,1,2603,'2025-02-10 11:44:07.355288',0,NULL),(581,NULL,1,2607,'2025-02-10 11:44:26.747782',0,NULL),(582,NULL,1,2604,'2025-02-10 11:45:36.796497',0,NULL),(583,NULL,1,2605,'2025-02-10 11:46:59.821548',0,NULL),(584,NULL,1,2611,'2025-02-10 11:54:45.060504',0,NULL),(585,NULL,1,2609,'2025-02-10 11:55:06.020356',0,NULL),(586,NULL,1,2608,'2025-02-10 11:57:24.890165',0,NULL),(587,NULL,1,2612,'2025-02-10 12:08:39.833107',0,NULL),(588,NULL,1,2595,'2025-02-10 12:15:41.373839',0,NULL),(589,NULL,1,2616,'2025-02-10 12:18:18.165991',0,NULL),(590,NULL,1,2620,'2025-02-10 12:31:14.793917',0,NULL),(591,NULL,1,2619,'2025-02-10 12:31:53.672088',0,NULL),(592,NULL,1,2566,'2025-02-10 12:35:17.827557',0,NULL),(593,NULL,1,2617,'2025-02-10 12:36:59.034364',0,NULL),(594,NULL,1,2624,'2025-02-10 13:03:30.542723',0,NULL),(595,NULL,1,2622,'2025-02-10 13:05:46.266525',0,NULL),(596,NULL,1,2625,'2025-02-10 13:05:52.173243',0,NULL),(597,NULL,1,2596,'2025-02-10 13:15:51.935461',0,NULL),(598,NULL,1,2629,'2025-02-10 13:23:17.386399',0,NULL),(599,NULL,1,2628,'2025-02-10 13:27:02.371883',0,NULL),(600,NULL,1,2632,'2025-02-10 13:38:11.024651',0,NULL),(601,NULL,1,2631,'2025-02-10 13:38:19.105972',0,NULL),(602,NULL,1,2634,'2025-02-10 13:41:59.280468',0,NULL),(603,NULL,1,2636,'2025-02-10 13:50:42.808577',0,NULL),(604,NULL,1,2637,'2025-02-10 13:51:34.449103',0,NULL),(605,NULL,1,2638,'2025-02-10 13:51:58.922334',0,NULL),(606,NULL,1,2640,'2025-02-10 13:57:18.789454',0,NULL),(607,NULL,1,2642,'2025-02-10 14:07:19.664603',0,NULL),(608,NULL,1,2641,'2025-02-10 14:11:19.415792',0,NULL),(609,NULL,1,2645,'2025-02-10 14:23:54.326459',0,NULL),(610,NULL,1,2647,'2025-02-10 14:41:14.213362',0,NULL),(611,NULL,1,2643,'2025-02-10 14:47:13.748997',0,NULL),(612,NULL,1,2650,'2025-02-10 14:47:46.522360',0,NULL),(613,NULL,1,2653,'2025-02-10 15:05:59.051921',0,NULL),(614,NULL,1,2651,'2025-02-10 15:06:12.645490',0,NULL),(615,NULL,1,2652,'2025-02-10 15:10:59.265349',0,NULL),(616,NULL,1,2654,'2025-02-10 15:16:59.616626',0,NULL),(617,NULL,1,2656,'2025-02-10 15:17:37.859943',0,NULL),(618,NULL,1,2659,'2025-02-10 15:28:07.640852',0,NULL),(619,NULL,1,2664,'2025-02-10 16:15:48.889934',0,NULL),(620,NULL,1,2657,'2025-02-10 16:36:33.170793',0,NULL),(621,NULL,1,2665,'2025-02-10 16:55:24.719388',0,NULL),(622,NULL,1,2666,'2025-02-10 17:29:02.221205',0,NULL),(624,NULL,1,2411,'2025-02-11 05:53:45.576376',0,NULL),(625,NULL,1,2673,'2025-02-11 06:04:33.934010',0,NULL),(626,NULL,1,2677,'2025-02-11 06:56:21.958135',0,NULL),(627,NULL,1,2675,'2025-02-11 07:02:00.470745',0,NULL),(628,NULL,1,2678,'2025-02-11 07:03:03.459962',0,NULL),(630,NULL,1,2688,'2025-02-11 07:28:27.170594',0,NULL),(633,NULL,1,2693,'2025-02-11 07:41:55.049327',0,NULL),(634,NULL,1,2696,'2025-02-11 07:45:53.674409',0,NULL),(635,NULL,1,2661,'2025-02-11 07:49:44.071480',0,NULL),(636,NULL,1,2706,'2025-02-11 07:58:47.512720',0,NULL),(637,NULL,1,2704,'2025-02-11 07:59:54.657321',0,NULL),(638,NULL,1,2705,'2025-02-11 08:00:14.168754',0,NULL),(639,NULL,1,2703,'2025-02-11 08:00:15.267126',0,NULL),(640,NULL,1,2695,'2025-02-11 08:19:55.360112',0,NULL),(641,NULL,1,2710,'2025-02-11 08:24:20.070227',0,NULL),(642,NULL,1,2709,'2025-02-11 08:24:22.488897',0,NULL),(643,NULL,1,2707,'2025-02-11 08:27:14.907662',0,NULL),(644,NULL,1,2658,'2025-02-11 08:34:07.134440',0,NULL),(645,NULL,1,2719,'2025-02-11 08:52:14.725826',0,NULL),(646,NULL,1,2648,'2025-02-11 09:06:16.870534',0,NULL),(647,NULL,1,2460,'2025-02-11 09:09:38.643649',0,NULL),(649,NULL,1,2727,'2025-02-11 09:12:00.903893',0,NULL),(651,NULL,1,2725,'2025-02-11 09:19:12.882061',0,NULL),(652,NULL,1,2728,'2025-02-11 09:19:25.922718',0,NULL),(653,NULL,1,2729,'2025-02-11 09:19:36.546174',0,NULL),(655,NULL,1,2742,'2025-02-11 09:55:19.446018',0,NULL),(656,NULL,1,2745,'2025-02-11 09:58:03.085581',0,NULL),(657,NULL,1,2735,'2025-02-11 10:01:29.369530',0,NULL),(658,NULL,1,2746,'2025-02-11 10:03:08.560966',0,NULL),(659,NULL,1,2747,'2025-02-11 10:14:58.125917',0,NULL),(660,NULL,1,2749,'2025-02-11 10:16:32.533107',0,NULL),(661,NULL,1,2748,'2025-02-11 10:22:18.593806',0,NULL),(662,NULL,1,2753,'2025-02-11 10:30:38.459126',0,NULL),(663,NULL,1,2751,'2025-02-11 10:32:24.302036',0,NULL),(664,NULL,1,2754,'2025-02-11 10:35:30.791449',0,NULL),(666,NULL,1,2760,'2025-02-11 11:10:58.564518',0,NULL),(667,NULL,1,2761,'2025-02-11 11:16:05.634858',0,NULL),(668,NULL,1,2766,'2025-02-11 11:19:22.225640',0,NULL),(670,NULL,1,2768,'2025-02-11 11:33:46.401787',0,NULL),(671,NULL,1,2770,'2025-02-11 11:51:57.630456',0,NULL),(672,NULL,1,2762,'2025-02-11 11:52:46.749780',0,NULL),(674,NULL,1,2776,'2025-02-11 12:02:01.788504',0,NULL),(676,NULL,1,2778,'2025-02-11 12:13:55.992572',0,NULL),(677,NULL,1,2779,'2025-02-11 12:14:34.701993',0,NULL),(680,NULL,1,2780,'2025-02-11 12:18:53.727923',0,NULL),(686,NULL,1,2792,'2025-02-11 12:54:21.877734',0,NULL),(690,NULL,1,2796,'2025-02-11 13:17:19.143341',0,NULL),(691,NULL,1,2794,'2025-02-11 13:20:40.219955',0,NULL),(692,NULL,1,2802,'2025-02-11 13:34:35.042403',0,NULL),(693,NULL,1,2805,'2025-02-11 13:44:24.864774',0,NULL),(694,NULL,1,2810,'2025-02-11 14:20:28.895741',0,NULL),(695,NULL,1,2812,'2025-02-11 14:26:07.386538',0,NULL),(696,NULL,1,2801,'2025-02-11 14:30:57.871754',0,NULL),(697,NULL,1,2811,'2025-02-11 14:31:27.584673',0,NULL),(698,NULL,1,2813,'2025-02-11 14:31:39.896043',0,NULL),(699,NULL,1,2818,'2025-02-11 15:13:34.167822',0,NULL),(700,NULL,1,2820,'2025-02-11 15:27:13.773333',0,NULL),(701,NULL,1,2816,'2025-02-11 15:30:04.370756',0,NULL),(702,NULL,1,2821,'2025-02-11 15:41:33.805393',0,NULL),(703,NULL,1,2822,'2025-02-11 15:51:41.458001',0,NULL),(705,NULL,1,2825,'2025-02-11 16:27:31.656905',0,NULL),(706,NULL,1,2826,'2025-02-11 16:30:31.897720',0,NULL),(707,NULL,1,2828,'2025-02-11 17:24:41.928749',0,NULL),(710,NULL,1,2834,'2025-02-12 05:36:05.833955',0,NULL),(711,NULL,1,2833,'2025-02-12 05:43:15.330880',0,NULL),(712,NULL,1,2835,'2025-02-12 06:13:12.727208',0,NULL),(713,NULL,1,2836,'2025-02-12 06:19:08.512531',0,NULL),(715,NULL,1,2837,'2025-02-12 06:56:43.317124',0,NULL),(716,NULL,1,2843,'2025-02-12 06:58:14.834794',0,NULL),(717,NULL,1,2841,'2025-02-12 07:01:03.653994',0,NULL),(718,NULL,1,2842,'2025-02-12 07:04:36.808799',0,NULL),(719,NULL,1,2840,'2025-02-12 07:15:47.423403',0,NULL),(720,NULL,1,2845,'2025-02-12 07:23:26.347648',0,NULL),(721,NULL,1,2847,'2025-02-12 07:24:59.128604',0,NULL),(722,NULL,1,2849,'2025-02-12 07:32:30.680051',0,NULL),(723,NULL,1,2850,'2025-02-12 07:35:35.968926',0,NULL),(724,NULL,1,2852,'2025-02-12 07:50:16.652541',0,NULL),(725,NULL,1,2853,'2025-02-12 07:53:13.413625',0,NULL),(726,NULL,1,2854,'2025-02-12 07:58:49.269322',0,NULL),(727,NULL,1,2859,'2025-02-12 08:11:35.248693',0,NULL),(728,NULL,1,2866,'2025-02-12 08:35:20.768223',0,NULL),(729,NULL,1,2867,'2025-02-12 08:39:12.903794',0,NULL),(730,NULL,1,2292,'2025-02-12 08:41:40.509864',0,NULL),(731,NULL,1,2869,'2025-02-12 08:42:43.013377',0,NULL),(732,NULL,1,2868,'2025-02-12 08:48:55.426886',0,NULL),(733,NULL,1,2873,'2025-02-12 08:54:02.930009',0,NULL),(734,NULL,1,2874,'2025-02-12 09:00:06.042018',0,NULL),(735,NULL,1,2863,'2025-02-12 09:06:06.950173',0,NULL),(736,NULL,1,2876,'2025-02-12 09:08:47.632336',0,NULL),(737,NULL,1,2877,'2025-02-12 09:15:05.232245',0,NULL),(738,NULL,1,2864,'2025-02-12 09:31:53.569881',0,NULL),(739,NULL,1,2883,'2025-02-12 09:33:48.583140',0,NULL),(740,NULL,1,2879,'2025-02-12 09:34:42.829003',0,NULL),(741,NULL,1,2882,'2025-02-12 09:41:12.516133',0,NULL),(742,NULL,1,2885,'2025-02-12 09:46:56.241438',0,NULL),(743,NULL,1,2890,'2025-02-12 09:52:56.838772',0,NULL),(744,NULL,1,2881,'2025-02-12 09:53:26.749011',0,NULL),(746,NULL,1,2893,'2025-02-12 10:01:57.754560',0,NULL),(747,NULL,1,2892,'2025-02-12 10:03:32.146348',0,NULL),(748,NULL,1,2887,'2025-02-12 10:13:44.046056',0,NULL),(749,NULL,1,2896,'2025-02-12 10:27:45.872771',0,NULL),(750,NULL,1,2899,'2025-02-12 10:40:59.909739',0,NULL),(751,NULL,1,2903,'2025-02-12 10:42:45.683746',0,NULL),(752,NULL,1,2901,'2025-02-12 10:43:12.536870',0,NULL),(753,NULL,1,2900,'2025-02-12 10:45:45.239502',0,NULL),(754,NULL,1,2904,'2025-02-12 10:46:03.221320',0,NULL),(755,NULL,1,2902,'2025-02-12 10:46:18.139463',0,NULL),(756,NULL,1,2907,'2025-02-12 10:57:13.406856',0,NULL),(757,NULL,1,2910,'2025-02-12 11:08:07.834433',0,NULL),(759,NULL,1,2914,'2025-02-12 11:23:06.495215',0,NULL),(760,NULL,1,2908,'2025-02-12 11:25:12.410525',0,NULL),(761,NULL,1,2915,'2025-02-12 11:27:12.081135',0,NULL),(762,NULL,1,2913,'2025-02-12 11:32:37.548396',0,NULL),(763,NULL,1,2897,'2025-02-12 11:41:14.620992',0,NULL),(766,NULL,1,2920,'2025-02-12 11:50:12.523168',0,NULL),(767,NULL,1,2920,'2025-02-12 11:50:12.525677',0,NULL),(769,NULL,1,2921,'2025-02-12 11:58:50.282542',0,NULL),(770,NULL,1,2923,'2025-02-12 12:02:49.103171',0,NULL),(771,NULL,1,2926,'2025-02-12 12:06:15.409164',0,NULL),(774,NULL,1,2931,'2025-02-12 12:10:13.335092',0,NULL),(776,NULL,1,2905,'2025-02-12 12:13:05.181825',0,NULL),(777,NULL,1,2928,'2025-02-12 12:15:49.988964',0,NULL),(778,NULL,1,2936,'2025-02-12 12:23:55.908834',0,NULL),(779,NULL,1,2937,'2025-02-12 12:25:50.454243',0,NULL),(780,NULL,1,2938,'2025-02-12 12:35:49.518785',0,NULL),(782,NULL,1,2865,'2025-02-12 12:41:57.068488',0,NULL),(784,NULL,1,2943,'2025-02-12 12:53:40.755424',0,NULL),(785,NULL,1,2942,'2025-02-12 12:59:38.904855',0,NULL),(786,NULL,1,2945,'2025-02-12 13:09:31.706870',0,NULL),(788,NULL,1,2946,'2025-02-12 13:16:49.946698',0,NULL),(789,NULL,1,2949,'2025-02-12 13:20:35.203672',0,NULL),(790,NULL,1,2948,'2025-02-12 13:20:53.960316',0,NULL),(791,NULL,1,2950,'2025-02-12 13:27:16.382414',0,NULL),(793,NULL,1,2947,'2025-02-12 13:38:05.069603',0,NULL),(794,NULL,1,2955,'2025-02-12 13:40:17.140563',0,NULL),(795,NULL,1,2954,'2025-02-12 13:41:54.741464',0,NULL),(796,NULL,1,2956,'2025-02-12 13:48:04.016745',0,NULL),(798,NULL,1,2957,'2025-02-12 14:04:48.036936',0,NULL),(799,NULL,1,2960,'2025-02-12 14:21:05.263457',0,NULL),(800,NULL,1,2959,'2025-02-12 14:26:48.678412',0,NULL),(801,NULL,1,2962,'2025-02-12 14:28:00.573504',0,NULL),(803,NULL,1,2966,'2025-02-12 14:46:49.514329',0,NULL),(804,NULL,1,2968,'2025-02-12 14:52:18.644458',0,NULL),(805,NULL,1,2969,'2025-02-12 15:03:56.858861',0,NULL),(806,NULL,1,2970,'2025-02-12 15:05:25.025626',0,NULL),(807,NULL,1,2971,'2025-02-12 15:10:07.676997',0,NULL),(808,NULL,1,2972,'2025-02-12 15:10:24.933685',0,NULL),(809,NULL,1,2975,'2025-02-12 15:38:38.450645',0,NULL),(810,NULL,1,2981,'2025-02-12 15:45:17.340020',0,NULL),(811,NULL,1,2980,'2025-02-12 15:49:07.367710',0,NULL),(812,NULL,1,2983,'2025-02-12 15:50:37.198331',0,NULL),(813,NULL,1,2984,'2025-02-12 15:54:15.710298',0,NULL),(814,NULL,1,2985,'2025-02-12 16:47:43.494444',0,NULL),(815,NULL,1,2987,'2025-02-12 16:52:13.290506',0,NULL),(816,NULL,1,2990,'2025-02-13 07:13:15.044613',0,NULL),(817,NULL,1,2992,'2025-02-13 07:19:09.162258',0,NULL),(818,NULL,1,2993,'2025-02-13 07:25:53.819077',0,NULL),(819,NULL,1,2989,'2025-02-13 07:31:18.464462',0,NULL),(820,NULL,1,2994,'2025-02-13 08:16:21.170960',0,NULL),(821,NULL,1,2996,'2025-02-13 09:16:49.359697',0,NULL),(822,NULL,1,2999,'2025-02-13 09:31:30.934349',0,NULL),(823,NULL,1,3002,'2025-02-13 09:33:27.284317',0,NULL),(824,NULL,1,2998,'2025-02-13 09:37:05.356656',0,NULL),(825,NULL,1,3003,'2025-02-13 09:55:57.484836',0,NULL),(826,NULL,1,2997,'2025-02-13 09:59:59.203559',0,NULL),(827,NULL,1,3001,'2025-02-13 10:10:05.941859',0,NULL),(828,NULL,1,3007,'2025-02-13 10:26:11.871075',0,NULL),(829,NULL,1,2982,'2025-02-13 10:27:59.276592',0,NULL),(830,NULL,1,3010,'2025-02-13 10:54:07.974344',0,NULL),(831,NULL,1,3013,'2025-02-13 11:24:13.240304',0,NULL),(832,NULL,1,3014,'2025-02-13 11:24:37.530681',0,NULL),(833,NULL,1,3011,'2025-02-13 11:40:21.203495',0,NULL),(834,NULL,1,3018,'2025-02-13 12:05:36.759277',0,NULL),(835,NULL,1,3020,'2025-02-13 12:25:06.351820',0,NULL),(836,NULL,1,3022,'2025-02-13 12:40:26.921860',0,NULL),(837,NULL,1,3023,'2025-02-13 12:50:06.373789',0,NULL),(838,NULL,1,3025,'2025-02-13 13:07:30.447246',0,NULL),(839,NULL,1,3027,'2025-02-13 13:36:56.627642',0,NULL),(840,NULL,1,3029,'2025-02-13 13:53:31.519589',0,NULL),(841,NULL,1,3030,'2025-02-13 13:55:38.228304',0,NULL),(842,NULL,1,3031,'2025-02-13 14:14:03.865909',0,NULL),(843,NULL,1,3032,'2025-02-13 14:18:21.745541',0,NULL),(844,NULL,1,3033,'2025-02-13 14:20:04.071397',0,NULL),(845,NULL,1,3034,'2025-02-13 14:28:52.548627',0,NULL),(846,NULL,1,3035,'2025-02-13 14:31:17.422796',0,NULL),(847,NULL,1,3036,'2025-02-13 14:33:29.404239',0,NULL),(848,NULL,1,3037,'2025-02-13 14:38:02.803703',0,NULL),(849,NULL,1,3041,'2025-02-13 15:04:38.834110',0,NULL),(850,NULL,1,3043,'2025-02-13 15:09:16.441571',0,NULL),(851,NULL,1,3042,'2025-02-13 15:13:14.015478',0,NULL),(852,NULL,1,3046,'2025-02-13 15:23:06.327575',0,NULL),(853,NULL,1,3050,'2025-02-13 15:35:30.289552',0,NULL),(854,NULL,1,3049,'2025-02-13 15:37:58.265183',0,NULL),(855,NULL,1,3051,'2025-02-13 15:42:11.344025',0,NULL),(856,NULL,1,3055,'2025-02-13 16:06:06.289637',0,NULL),(857,NULL,1,3053,'2025-02-13 16:09:29.872770',0,NULL),(858,NULL,1,3056,'2025-02-13 16:18:46.406106',0,NULL),(859,NULL,1,3058,'2025-02-13 17:07:05.154778',0,NULL),(861,NULL,1,3065,'2025-02-14 08:23:49.093480',0,NULL),(862,NULL,1,3068,'2025-02-14 08:31:37.787552',0,NULL),(863,NULL,1,3073,'2025-02-14 08:41:20.498961',0,NULL),(864,NULL,1,3072,'2025-02-14 08:43:04.346619',0,NULL),(865,NULL,1,3075,'2025-02-14 08:51:13.115517',0,NULL),(866,NULL,1,3074,'2025-02-14 09:01:59.362486',0,NULL),(867,NULL,1,3076,'2025-02-14 09:03:43.436939',0,NULL),(868,NULL,1,3078,'2025-02-14 09:14:16.814368',0,NULL),(869,NULL,1,3077,'2025-02-14 09:18:38.610123',0,NULL),(870,NULL,1,3079,'2025-02-14 09:25:38.034610',0,NULL),(871,NULL,1,3081,'2025-02-14 09:29:22.128306',0,NULL),(872,NULL,1,3084,'2025-02-14 09:34:46.324610',0,NULL),(873,NULL,1,3085,'2025-02-14 09:42:15.946133',0,NULL),(874,NULL,1,3080,'2025-02-14 09:42:51.894119',0,NULL),(875,NULL,1,3086,'2025-02-14 09:44:09.739159',0,NULL),(876,NULL,1,3087,'2025-02-14 09:50:47.702382',0,NULL),(877,NULL,1,3090,'2025-02-14 10:13:11.765941',0,NULL),(878,NULL,1,3083,'2025-02-14 10:17:18.276813',0,NULL),(879,NULL,1,3093,'2025-02-14 10:30:24.800917',0,NULL),(880,NULL,1,3097,'2025-02-14 10:31:22.369901',0,NULL),(881,NULL,1,3096,'2025-02-14 10:40:21.142850',0,NULL),(882,NULL,1,3098,'2025-02-14 10:48:33.889277',0,NULL),(883,NULL,1,3100,'2025-02-14 10:56:09.283336',0,NULL),(884,NULL,1,3099,'2025-02-14 10:59:06.753337',0,NULL),(885,NULL,1,3102,'2025-02-14 11:01:58.727327',0,NULL),(886,NULL,1,3107,'2025-02-14 11:10:06.412173',0,NULL),(887,NULL,1,3103,'2025-02-14 11:12:24.030549',0,NULL),(888,NULL,1,3110,'2025-02-14 11:17:52.431869',0,NULL),(889,NULL,1,3111,'2025-02-14 11:18:50.076041',0,NULL),(890,NULL,1,3113,'2025-02-14 11:20:51.053124',0,NULL),(891,NULL,1,3112,'2025-02-14 11:28:45.169695',0,NULL),(892,NULL,1,3116,'2025-02-14 11:52:11.915952',0,NULL),(893,NULL,1,3120,'2025-02-14 11:52:34.803881',0,NULL),(894,NULL,1,3123,'2025-02-14 11:57:41.065769',0,NULL),(895,NULL,1,3119,'2025-02-14 11:58:25.012846',0,NULL),(896,NULL,1,3124,'2025-02-14 12:00:37.892169',0,NULL),(897,NULL,1,3106,'2025-02-14 12:02:17.214001',0,NULL),(898,NULL,1,3127,'2025-02-14 12:16:24.266813',0,NULL),(899,NULL,1,3126,'2025-02-14 12:17:28.547596',0,NULL),(900,NULL,1,3128,'2025-02-14 12:21:06.083840',0,NULL),(901,NULL,1,3122,'2025-02-14 12:22:39.794041',0,NULL),(902,NULL,1,3125,'2025-02-14 12:23:04.110588',0,NULL),(903,NULL,1,3130,'2025-02-14 12:29:54.610495',0,NULL),(904,NULL,1,3131,'2025-02-14 12:30:53.539521',0,NULL),(905,NULL,1,3135,'2025-02-14 12:55:59.073394',0,NULL),(906,NULL,1,3139,'2025-02-14 13:03:40.254429',0,NULL),(907,NULL,1,3140,'2025-02-14 13:06:19.573524',0,NULL),(908,NULL,1,3141,'2025-02-14 13:12:11.802791',0,NULL),(909,NULL,1,3101,'2025-02-14 13:12:13.202393',0,NULL),(910,NULL,1,3142,'2025-02-14 13:14:17.726725',0,NULL),(911,NULL,1,3143,'2025-02-14 13:16:05.655913',0,NULL),(912,NULL,1,3144,'2025-02-14 13:16:46.660075',0,NULL),(913,NULL,1,3146,'2025-02-14 13:36:15.278424',0,NULL),(914,NULL,1,3147,'2025-02-14 13:40:48.346811',0,NULL),(915,NULL,1,3152,'2025-02-14 13:57:26.438497',0,NULL),(916,NULL,1,3155,'2025-02-14 14:02:50.690623',0,NULL),(917,NULL,1,3156,'2025-02-14 14:06:14.360397',0,NULL),(918,NULL,1,3151,'2025-02-14 14:08:00.571316',0,NULL),(919,NULL,1,3157,'2025-02-14 14:08:19.184228',0,NULL),(920,NULL,1,3154,'2025-02-14 14:11:17.363804',0,NULL),(921,NULL,1,3159,'2025-02-14 14:45:11.858566',0,NULL),(922,NULL,1,3162,'2025-02-14 15:00:20.021050',0,NULL),(923,NULL,1,3166,'2025-02-14 15:17:28.564423',0,NULL),(924,NULL,1,3167,'2025-02-14 15:27:47.410145',0,NULL),(925,NULL,1,3153,'2025-02-14 15:30:55.617004',0,NULL),(926,NULL,1,3165,'2025-02-14 15:40:33.988836',0,NULL),(927,NULL,1,3136,'2025-02-14 16:12:54.684621',0,NULL),(928,NULL,1,3170,'2025-02-14 16:13:28.567541',0,NULL),(929,NULL,1,3172,'2025-02-14 18:59:17.194875',0,NULL),(930,NULL,1,3174,'2025-02-15 05:58:00.342403',0,NULL),(931,NULL,1,3175,'2025-02-15 06:45:24.510559',0,NULL),(932,NULL,1,3176,'2025-02-15 07:20:30.405228',0,NULL),(933,NULL,1,3178,'2025-02-15 08:08:15.303564',0,NULL),(934,NULL,1,3179,'2025-02-15 08:31:44.221373',0,NULL),(935,NULL,1,3180,'2025-02-15 08:54:31.016243',0,NULL),(936,NULL,1,3182,'2025-02-15 09:08:35.141303',0,NULL),(937,NULL,1,3184,'2025-02-15 09:56:36.095252',0,NULL),(938,NULL,1,3183,'2025-02-15 10:06:29.005797',0,NULL),(939,NULL,1,3190,'2025-02-15 10:50:36.882757',0,NULL),(940,NULL,1,3193,'2025-02-15 11:26:08.165905',0,NULL),(941,NULL,1,3194,'2025-02-15 11:26:11.529575',0,NULL),(942,NULL,1,3195,'2025-02-15 11:31:13.881566',0,NULL),(943,NULL,1,3196,'2025-02-15 11:44:29.065771',0,NULL),(944,NULL,1,3191,'2025-02-15 11:45:38.866628',0,NULL),(945,NULL,1,3198,'2025-02-15 11:48:06.390613',0,NULL),(946,NULL,1,3197,'2025-02-15 11:49:24.588503',0,NULL),(947,NULL,1,3202,'2025-02-15 12:47:31.919436',0,NULL),(948,NULL,1,3203,'2025-02-15 13:00:52.578751',0,NULL),(949,NULL,1,3206,'2025-02-15 13:36:14.882912',0,NULL),(950,NULL,1,3207,'2025-02-15 14:03:14.242007',0,NULL),(951,NULL,1,3208,'2025-02-15 14:08:51.476085',0,NULL),(952,NULL,1,3211,'2025-02-15 14:33:40.042735',0,NULL),(953,NULL,1,3209,'2025-02-15 14:39:59.550851',0,NULL),(954,NULL,1,3210,'2025-02-15 14:46:24.478047',0,NULL),(955,NULL,1,3214,'2025-02-15 15:02:58.538339',0,NULL),(956,NULL,1,3218,'2025-02-15 15:31:27.214643',0,NULL),(957,NULL,1,3219,'2025-02-15 15:45:24.464376',0,NULL),(958,NULL,1,3220,'2025-02-15 15:46:32.448271',0,NULL),(959,NULL,1,3221,'2025-02-15 15:48:37.330566',0,NULL),(960,NULL,1,3223,'2025-02-15 16:10:46.136175',0,NULL),(961,NULL,1,3225,'2025-02-15 16:37:19.890787',0,NULL),(962,NULL,1,3227,'2025-02-15 16:49:19.204087',0,NULL),(963,NULL,1,3224,'2025-02-15 16:52:50.032730',0,NULL),(964,NULL,1,3228,'2025-02-15 17:04:36.488463',0,NULL),(965,NULL,1,3229,'2025-02-15 17:14:36.186882',0,NULL),(966,NULL,1,3230,'2025-02-15 17:16:52.827123',0,NULL),(967,NULL,1,3231,'2025-02-15 17:32:00.965657',0,NULL),(968,NULL,1,3241,'2025-02-17 09:45:33.644811',0,NULL),(971,NULL,1,3245,'2025-02-17 10:14:12.489919',0,NULL),(972,NULL,1,3247,'2025-02-17 10:15:09.071484',0,NULL),(973,NULL,1,3249,'2025-02-17 10:26:42.813333',0,NULL),(974,NULL,1,3251,'2025-02-17 10:33:38.278295',0,NULL),(975,NULL,1,3250,'2025-02-17 10:40:06.749407',0,NULL),(976,NULL,1,3257,'2025-02-17 10:59:14.381737',0,NULL),(977,NULL,1,3254,'2025-02-17 11:02:27.058541',0,NULL),(978,NULL,1,3260,'2025-02-17 11:07:18.908576',0,NULL),(979,NULL,1,3255,'2025-02-17 11:11:27.457693',0,NULL),(980,NULL,1,3262,'2025-02-17 11:12:36.767059',0,NULL),(981,NULL,1,3264,'2025-02-17 11:26:48.735544',0,NULL),(982,NULL,1,3265,'2025-02-17 11:28:55.880630',0,NULL),(983,NULL,1,3263,'2025-02-17 11:29:02.910466',0,NULL),(984,NULL,1,3266,'2025-02-17 11:38:15.884854',0,NULL),(985,NULL,1,3268,'2025-02-17 11:39:44.415073',0,NULL),(986,NULL,1,3267,'2025-02-17 11:51:42.939673',0,NULL),(987,NULL,1,3269,'2025-02-17 11:58:44.472469',0,NULL),(988,NULL,1,3272,'2025-02-17 12:00:51.949603',0,NULL),(989,NULL,1,3271,'2025-02-17 12:04:27.454093',0,NULL),(990,NULL,1,3274,'2025-02-17 12:10:28.675640',0,NULL),(991,NULL,1,3275,'2025-02-17 12:12:23.257918',0,NULL),(992,NULL,1,3277,'2025-02-17 12:24:19.749227',0,NULL),(993,NULL,1,3285,'2025-02-17 12:32:41.578515',0,NULL),(994,NULL,1,3287,'2025-02-17 12:39:02.202859',0,NULL),(995,NULL,1,3288,'2025-02-17 12:39:29.781727',0,NULL),(996,NULL,1,3278,'2025-02-17 12:48:31.641149',0,NULL),(997,NULL,1,3286,'2025-02-17 12:53:48.226147',0,NULL),(998,NULL,1,3291,'2025-02-17 12:56:01.728791',0,NULL),(999,NULL,1,3295,'2025-02-17 13:10:13.878933',0,NULL),(1001,NULL,1,3296,'2025-02-17 13:41:16.555318',0,NULL),(1002,NULL,1,3298,'2025-02-17 13:45:49.918835',0,NULL),(1003,NULL,1,3301,'2025-02-17 13:56:11.819338',0,NULL),(1004,NULL,1,3303,'2025-02-17 14:05:31.020468',0,NULL),(1005,NULL,1,3299,'2025-02-17 14:11:56.043415',0,NULL),(1006,NULL,1,3304,'2025-02-17 14:12:42.251669',0,NULL),(1007,NULL,1,3305,'2025-02-17 14:14:11.909428',0,NULL),(1008,NULL,1,3306,'2025-02-17 14:28:31.449775',0,NULL),(1009,NULL,1,3308,'2025-02-17 14:45:11.879028',0,NULL),(1010,NULL,1,3307,'2025-02-17 14:49:55.808520',0,NULL),(1014,NULL,1,3311,'2025-02-17 15:03:48.659409',0,NULL),(1015,NULL,1,3312,'2025-02-17 15:19:15.042419',0,NULL),(1016,NULL,1,3313,'2025-02-17 15:24:43.759317',0,NULL),(1017,NULL,1,3315,'2025-02-17 15:43:16.522338',0,NULL),(1018,NULL,1,3316,'2025-02-17 15:48:56.642559',0,NULL),(1019,NULL,1,3318,'2025-02-17 15:53:50.083217',0,NULL),(1020,NULL,1,3320,'2025-02-17 15:57:21.275273',0,NULL),(1021,NULL,1,3321,'2025-02-17 16:43:18.600763',0,NULL),(1022,NULL,1,3322,'2025-02-17 17:20:33.413412',0,NULL),(1023,NULL,1,3323,'2025-02-17 18:37:32.456769',0,NULL),(1025,NULL,1,3328,'2025-02-18 07:08:12.185772',0,NULL),(1026,NULL,1,3327,'2025-02-18 07:13:39.296181',0,NULL),(1027,NULL,1,3329,'2025-02-18 07:54:02.734638',0,NULL),(1028,NULL,1,3317,'2025-02-18 08:25:55.404747',0,NULL),(1029,NULL,1,3330,'2025-02-18 08:53:27.081398',0,NULL),(1030,NULL,1,3332,'2025-02-18 09:00:43.147430',0,NULL),(1031,NULL,1,3331,'2025-02-18 09:00:47.671168',0,NULL),(1033,NULL,1,3333,'2025-02-18 09:11:53.723097',0,NULL),(1034,NULL,1,3259,'2025-02-18 09:15:01.274627',0,NULL),(1035,NULL,1,3337,'2025-02-18 09:27:05.243986',0,NULL),(1036,NULL,1,3336,'2025-02-18 09:32:23.408553',0,NULL),(1037,NULL,1,3289,'2025-02-18 09:36:03.643723',0,NULL),(1038,NULL,1,3340,'2025-02-18 09:52:36.818840',0,NULL),(1039,NULL,1,3343,'2025-02-18 10:02:11.734550',0,NULL),(1040,NULL,1,3344,'2025-02-18 10:10:36.510002',0,NULL),(1041,NULL,1,3345,'2025-02-18 10:12:42.851680',0,NULL),(1042,NULL,1,3346,'2025-02-18 10:29:05.211374',0,NULL),(1043,NULL,1,3348,'2025-02-18 10:30:28.987184',0,NULL),(1044,NULL,1,3351,'2025-02-18 11:00:58.491657',0,NULL),(1045,NULL,1,3353,'2025-02-18 11:12:19.566249',0,NULL),(1046,NULL,1,3355,'2025-02-18 11:16:08.902869',0,NULL),(1047,NULL,1,3357,'2025-02-18 11:18:08.827653',0,NULL),(1048,NULL,1,3358,'2025-02-18 11:19:22.126939',0,NULL),(1049,NULL,1,3354,'2025-02-18 11:19:58.069451',0,NULL),(1050,NULL,1,3359,'2025-02-18 11:21:29.483749',0,NULL),(1051,NULL,1,3360,'2025-02-18 11:23:36.867319',0,NULL),(1053,NULL,1,3362,'2025-02-18 11:33:31.952586',0,NULL),(1054,NULL,1,3362,'2025-02-18 11:33:31.956084',0,NULL),(1055,NULL,1,3361,'2025-02-18 11:36:24.887230',0,NULL),(1056,NULL,1,3364,'2025-02-18 11:40:00.636959',0,NULL),(1057,NULL,1,3363,'2025-02-18 11:41:57.722131',0,NULL),(1058,NULL,1,3367,'2025-02-18 11:48:23.238663',0,NULL),(1059,NULL,1,3369,'2025-02-18 11:58:59.169508',0,NULL),(1060,NULL,1,3371,'2025-02-18 12:21:26.574489',0,NULL),(1061,NULL,1,3372,'2025-02-18 12:35:02.211276',0,NULL),(1062,NULL,1,3373,'2025-02-18 12:43:17.043689',0,NULL),(1063,NULL,1,3374,'2025-02-18 12:52:29.923854',0,NULL),(1064,NULL,1,3378,'2025-02-18 13:02:09.007547',0,NULL),(1065,NULL,1,3380,'2025-02-18 13:04:04.612123',0,NULL),(1066,NULL,1,3377,'2025-02-18 13:13:26.840692',0,NULL),(1067,NULL,1,3384,'2025-02-18 13:37:31.981778',0,NULL),(1068,NULL,1,3389,'2025-02-18 13:39:22.152620',0,NULL),(1069,NULL,1,3387,'2025-02-18 13:39:23.325822',0,NULL),(1070,NULL,1,3386,'2025-02-18 13:39:56.302710',0,NULL),(1071,NULL,1,3385,'2025-02-18 13:44:14.199740',0,NULL),(1072,NULL,1,3391,'2025-02-18 13:49:37.406063',0,NULL),(1073,NULL,1,3390,'2025-02-18 13:51:21.148134',0,NULL),(1074,NULL,1,3392,'2025-02-18 13:55:48.110448',0,NULL),(1075,NULL,1,3393,'2025-02-18 14:02:26.832076',0,NULL),(1076,NULL,1,3395,'2025-02-18 14:09:11.973790',0,NULL),(1077,NULL,1,3396,'2025-02-18 14:11:49.265638',0,NULL),(1078,NULL,1,3398,'2025-02-18 14:14:29.907580',0,NULL),(1079,NULL,1,3399,'2025-02-18 14:15:08.555536',0,NULL),(1080,NULL,1,3401,'2025-02-18 14:31:06.075427',0,NULL),(1081,NULL,1,3403,'2025-02-18 14:42:52.399861',0,NULL),(1082,NULL,1,3338,'2025-02-18 14:46:25.982759',0,NULL),(1083,NULL,1,3404,'2025-02-18 14:50:46.980742',0,NULL),(1084,NULL,1,3407,'2025-02-18 15:09:36.929701',0,NULL),(1085,NULL,1,3406,'2025-02-18 15:10:46.972185',0,NULL),(1086,NULL,1,3408,'2025-02-18 15:32:35.642574',0,NULL),(1087,NULL,1,3410,'2025-02-18 15:45:52.673768',0,NULL),(1088,NULL,1,3409,'2025-02-18 16:04:55.442916',0,NULL),(1089,NULL,1,3412,'2025-02-18 16:24:26.865055',0,NULL),(1090,NULL,1,3415,'2025-02-18 16:34:45.678344',0,NULL),(1091,NULL,1,3414,'2025-02-18 16:36:28.742951',0,NULL),(1092,NULL,1,3418,'2025-02-18 17:13:23.496232',0,NULL),(1094,NULL,1,3421,'2025-02-20 07:34:18.612758',0,NULL),(1095,NULL,1,3422,'2025-02-20 07:39:02.250354',0,NULL),(1096,NULL,1,3420,'2025-02-20 07:43:21.275727',0,NULL),(1097,NULL,1,3423,'2025-02-20 07:44:41.116419',0,NULL),(1098,NULL,1,3424,'2025-02-20 08:05:27.056567',0,NULL),(1099,NULL,1,3426,'2025-02-20 08:19:52.869309',0,NULL),(1100,NULL,1,3428,'2025-02-20 08:21:40.273313',0,NULL),(1103,NULL,1,3429,'2025-02-20 08:45:09.698616',0,NULL),(1104,NULL,1,3430,'2025-02-20 08:53:29.732685',0,NULL),(1105,NULL,1,3432,'2025-02-20 08:57:01.455347',0,NULL),(1106,NULL,1,3434,'2025-02-20 09:17:38.396570',0,NULL),(1107,NULL,1,3438,'2025-02-20 09:30:13.060664',0,NULL),(1108,NULL,1,3437,'2025-02-20 09:39:37.727456',0,NULL),(1109,NULL,1,3439,'2025-02-20 09:41:14.096239',0,NULL),(1110,NULL,1,3441,'2025-02-20 09:54:08.116232',0,NULL),(1111,NULL,1,3252,'2025-02-20 09:56:37.463013',0,NULL),(1112,NULL,1,3444,'2025-02-20 09:58:08.432288',0,NULL),(1113,NULL,1,3443,'2025-02-20 09:58:28.581791',0,NULL),(1114,NULL,1,3445,'2025-02-20 10:00:50.922482',0,NULL),(1115,NULL,1,3446,'2025-02-20 10:10:04.145652',0,NULL),(1116,NULL,1,3447,'2025-02-20 10:16:24.160501',0,NULL),(1117,NULL,1,3370,'2025-02-20 10:31:59.105283',0,NULL),(1118,NULL,1,3448,'2025-02-20 10:35:58.829837',0,NULL),(1119,NULL,1,3449,'2025-02-20 10:39:54.693588',0,NULL),(1120,NULL,1,3451,'2025-02-20 10:52:21.375062',0,NULL),(1121,NULL,1,3450,'2025-02-20 10:54:57.599142',0,NULL),(1122,NULL,1,3453,'2025-02-20 11:01:42.712339',0,NULL),(1123,NULL,1,3455,'2025-02-20 11:13:27.046825',0,NULL),(1124,NULL,1,3457,'2025-02-20 11:24:03.935333',0,NULL),(1125,NULL,1,3459,'2025-02-20 11:26:07.543676',0,NULL),(1126,NULL,1,3460,'2025-02-20 11:32:54.054766',0,NULL),(1127,NULL,1,3461,'2025-02-20 11:42:33.473947',0,NULL),(1128,NULL,1,3464,'2025-02-20 11:49:17.392589',0,NULL),(1129,NULL,1,3462,'2025-02-20 11:50:46.632749',0,NULL),(1130,NULL,1,3465,'2025-02-20 12:10:42.445786',0,NULL),(1131,NULL,1,3470,'2025-02-20 12:18:53.070856',0,NULL),(1132,NULL,1,3472,'2025-02-20 12:35:26.381286',0,NULL),(1133,NULL,1,3471,'2025-02-20 12:44:29.498156',0,NULL),(1134,NULL,1,3473,'2025-02-20 12:46:18.527464',0,NULL),(1136,NULL,1,3476,'2025-02-20 12:58:57.653320',0,NULL),(1137,NULL,1,3477,'2025-02-20 13:04:57.293486',0,NULL),(1138,NULL,1,3478,'2025-02-20 13:06:21.853673',0,NULL),(1139,NULL,1,3475,'2025-02-20 13:13:24.762305',0,NULL),(1140,NULL,1,3480,'2025-02-20 13:14:00.510699',0,NULL),(1141,NULL,1,3482,'2025-02-20 13:18:46.808626',0,NULL),(1142,NULL,1,3481,'2025-02-20 13:23:32.552549',0,NULL),(1143,NULL,1,3484,'2025-02-20 13:31:40.018214',0,NULL),(1144,NULL,1,3485,'2025-02-20 13:40:38.241796',0,NULL),(1146,NULL,1,3488,'2025-02-20 13:44:28.204055',0,NULL),(1147,NULL,1,3487,'2025-02-20 13:44:53.462404',0,NULL),(1148,NULL,1,3489,'2025-02-20 13:59:03.001787',0,NULL),(1149,NULL,1,3494,'2025-02-20 14:07:58.882493',0,NULL),(1150,NULL,1,3490,'2025-02-20 14:09:42.203155',0,NULL),(1151,NULL,1,3493,'2025-02-20 14:14:07.347166',0,NULL),(1152,NULL,1,3495,'2025-02-20 14:25:33.658614',0,NULL),(1153,NULL,1,3496,'2025-02-20 14:27:47.746533',0,NULL),(1154,NULL,1,3499,'2025-02-20 14:49:05.248788',0,NULL),(1155,NULL,1,3498,'2025-02-20 14:51:21.421287',0,NULL),(1156,NULL,1,3501,'2025-02-20 14:55:17.858385',0,NULL),(1157,NULL,1,3497,'2025-02-20 15:03:28.857134',0,NULL),(1158,NULL,1,3503,'2025-02-20 15:17:16.928884',0,NULL),(1159,NULL,1,3504,'2025-02-20 15:22:27.124370',0,NULL),(1160,NULL,1,3505,'2025-02-20 15:34:46.397895',0,NULL),(1161,NULL,1,3506,'2025-02-20 15:36:23.849169',0,NULL),(1162,NULL,1,3507,'2025-02-20 16:07:13.169760',0,NULL),(1163,NULL,1,3508,'2025-02-20 16:22:23.767011',0,NULL),(1164,NULL,1,3509,'2025-02-20 16:40:17.320462',0,NULL),(1165,NULL,1,3511,'2025-02-21 08:12:40.940313',0,NULL),(1166,NULL,1,3512,'2025-02-21 08:24:21.235938',0,NULL),(1167,NULL,1,3513,'2025-02-21 08:35:10.590001',0,NULL),(1168,NULL,1,3514,'2025-02-21 08:42:42.905620',0,NULL),(1170,NULL,1,3518,'2025-02-21 09:12:46.615400',0,NULL),(1171,NULL,1,3519,'2025-02-21 09:15:39.763553',0,NULL),(1172,NULL,1,3521,'2025-02-21 09:21:14.651292',0,NULL),(1173,NULL,1,3522,'2025-02-21 09:26:33.143622',0,NULL),(1174,NULL,1,3520,'2025-02-21 09:29:17.956406',0,NULL),(1175,NULL,1,3523,'2025-02-21 09:37:22.347747',0,NULL),(1176,NULL,1,3524,'2025-02-21 09:38:58.164484',0,NULL),(1177,NULL,1,3525,'2025-02-21 10:26:40.743209',0,NULL),(1178,NULL,1,3526,'2025-02-21 11:12:39.238120',0,NULL),(1179,NULL,1,3527,'2025-02-21 11:13:51.319028',0,NULL),(1180,NULL,1,3528,'2025-02-21 11:40:42.104278',0,NULL),(1181,NULL,1,3530,'2025-02-21 11:41:22.841108',0,NULL),(1182,NULL,1,3529,'2025-02-21 11:42:07.378963',0,NULL),(1183,NULL,1,3531,'2025-02-21 11:59:05.535175',0,NULL),(1184,NULL,1,3532,'2025-02-21 12:29:11.341398',0,NULL),(1185,NULL,1,3534,'2025-02-21 12:48:09.107655',0,NULL),(1186,NULL,1,3536,'2025-02-21 12:50:51.216247',0,NULL),(1187,NULL,1,3538,'2025-02-21 13:07:57.331086',0,NULL),(1188,NULL,1,3539,'2025-02-21 13:10:26.547327',0,NULL),(1189,NULL,1,3540,'2025-02-21 13:17:10.451614',0,NULL),(1190,NULL,1,3541,'2025-02-21 13:34:30.179514',0,NULL),(1191,NULL,1,3542,'2025-02-21 13:49:11.179477',0,NULL),(1192,NULL,1,3543,'2025-02-21 13:53:13.164586',0,NULL),(1193,NULL,1,3545,'2025-02-21 14:11:25.909760',0,NULL),(1194,NULL,1,3544,'2025-02-21 14:19:45.955488',0,NULL),(1195,NULL,1,3546,'2025-02-21 14:21:40.826406',0,NULL),(1196,NULL,1,3549,'2025-02-21 15:04:06.277425',0,NULL),(1197,NULL,1,3533,'2025-02-21 15:04:50.635167',0,NULL),(1198,NULL,1,3551,'2025-02-21 15:22:15.071561',0,NULL),(1199,NULL,1,3552,'2025-02-21 15:37:51.130859',0,NULL),(1200,NULL,1,3553,'2025-02-21 15:38:55.890669',0,NULL),(1201,NULL,1,3554,'2025-02-21 15:47:02.541735',0,NULL),(1202,NULL,1,3555,'2025-02-21 15:50:49.320793',0,NULL),(1203,NULL,1,3556,'2025-02-21 16:02:29.624888',0,NULL),(1204,NULL,1,3557,'2025-02-21 16:15:20.307177',0,NULL),(1205,NULL,1,3564,'2025-02-25 07:54:28.435889',0,NULL),(1206,NULL,1,3569,'2025-02-25 08:32:18.890268',0,NULL),(1207,NULL,1,3567,'2025-02-25 08:43:57.548656',0,NULL),(1208,NULL,1,3570,'2025-02-25 08:50:52.554277',0,NULL),(1209,NULL,1,3571,'2025-02-25 08:58:29.373475',0,NULL),(1210,NULL,1,3572,'2025-02-25 09:05:04.007812',0,NULL),(1211,NULL,1,3573,'2025-02-25 09:23:32.220483',0,NULL),(1212,NULL,1,3574,'2025-02-25 09:32:28.671116',0,NULL),(1213,NULL,1,3575,'2025-02-25 09:35:02.870565',0,NULL),(1214,NULL,1,3576,'2025-02-25 09:39:01.904667',0,NULL),(1215,NULL,1,3578,'2025-02-25 10:08:14.065058',0,NULL),(1216,NULL,1,3580,'2025-02-25 10:41:49.980321',0,NULL),(1217,NULL,1,3581,'2025-02-25 10:50:14.479549',0,NULL),(1218,NULL,1,3584,'2025-02-25 10:58:05.450166',0,NULL),(1219,NULL,1,3586,'2025-02-25 11:50:38.564283',0,NULL),(1220,NULL,1,3587,'2025-02-25 12:01:46.615165',0,NULL),(1221,NULL,1,3590,'2025-02-25 12:16:01.298713',0,NULL),(1222,NULL,1,3589,'2025-02-25 12:16:46.279075',0,NULL),(1223,NULL,1,3591,'2025-02-25 12:26:52.643489',0,NULL),(1224,NULL,1,3593,'2025-02-25 12:50:39.711791',0,NULL),(1225,NULL,1,3595,'2025-02-25 13:00:37.555413',0,NULL),(1226,NULL,1,3596,'2025-02-25 13:03:58.800413',0,NULL),(1227,NULL,1,3597,'2025-02-25 13:06:56.145488',0,NULL),(1228,NULL,1,3598,'2025-02-25 13:09:16.072761',0,NULL),(1229,NULL,1,3594,'2025-02-25 13:14:27.397470',0,NULL),(1230,NULL,1,3592,'2025-02-25 13:21:48.724829',0,NULL),(1231,NULL,1,3601,'2025-02-25 13:24:57.399251',0,NULL),(1232,NULL,1,3600,'2025-02-25 13:27:04.102483',0,NULL),(1233,NULL,1,3604,'2025-02-25 13:35:34.326782',0,NULL),(1234,NULL,1,3606,'2025-02-25 14:12:33.424839',0,NULL),(1235,NULL,1,3607,'2025-02-25 14:14:49.569927',0,NULL),(1236,NULL,1,3610,'2025-02-25 14:34:45.754875',0,NULL),(1237,NULL,1,3608,'2025-02-25 14:40:50.708481',0,NULL),(1238,NULL,1,3611,'2025-02-25 14:47:36.890510',0,NULL),(1239,NULL,1,3614,'2025-02-25 14:58:02.915069',0,NULL),(1240,NULL,1,3616,'2025-02-25 15:01:53.878665',0,NULL),(1241,NULL,1,3615,'2025-02-25 15:02:21.744948',0,NULL),(1242,NULL,1,3622,'2025-02-26 08:06:10.892728',0,NULL),(1243,NULL,1,3623,'2025-02-26 09:07:13.715424',0,NULL),(1244,NULL,1,3624,'2025-02-26 09:58:12.483431',0,NULL),(1245,NULL,1,3629,'2025-02-26 10:39:47.841095',0,NULL),(1246,NULL,1,3626,'2025-02-26 10:41:45.528048',0,NULL),(1247,NULL,1,3630,'2025-02-26 10:45:23.067988',0,NULL),(1248,NULL,1,3631,'2025-02-26 10:49:30.553151',0,NULL),(1249,NULL,1,3632,'2025-02-26 10:57:25.149140',0,NULL),(1250,NULL,1,3635,'2025-02-26 11:07:44.786556',0,NULL),(1251,NULL,1,3634,'2025-02-26 11:09:25.724957',0,NULL),(1252,NULL,1,3636,'2025-02-26 11:45:38.938546',0,NULL),(1253,NULL,1,3637,'2025-02-26 11:54:09.053669',0,NULL),(1254,NULL,1,3639,'2025-02-26 12:39:58.513985',0,NULL),(1255,NULL,1,3641,'2025-02-26 12:54:31.165350',0,NULL),(1256,NULL,1,3642,'2025-02-26 13:25:08.511208',0,NULL),(1257,NULL,1,3643,'2025-02-26 13:35:45.532687',0,NULL),(1258,NULL,1,3644,'2025-02-26 14:03:30.662853',0,NULL),(1259,NULL,1,3645,'2025-02-26 14:09:10.644947',0,NULL),(1260,NULL,1,3646,'2025-02-26 14:25:25.197336',0,NULL),(1261,NULL,1,3647,'2025-02-26 14:39:14.883782',0,NULL),(1262,NULL,1,3648,'2025-02-26 15:15:38.044068',0,NULL),(1263,NULL,1,3649,'2025-02-26 15:32:26.814833',0,NULL),(1264,NULL,1,3651,'2025-02-26 15:34:45.021657',0,NULL),(1265,NULL,1,3654,'2025-02-26 15:54:19.679516',0,NULL),(1266,NULL,1,3653,'2025-02-26 16:05:47.802023',0,NULL),(1267,NULL,1,3655,'2025-02-28 06:59:25.283360',0,NULL),(1268,NULL,1,3656,'2025-02-28 08:14:22.420294',0,NULL),(1269,NULL,1,3657,'2025-02-28 08:36:19.673052',0,NULL),(1270,NULL,1,3660,'2025-02-28 08:38:56.209003',0,NULL),(1271,NULL,1,3661,'2025-02-28 08:57:14.685127',0,NULL),(1272,NULL,1,3663,'2025-02-28 09:53:24.979511',0,NULL),(1273,NULL,1,3664,'2025-02-28 10:24:33.402641',0,NULL),(1274,NULL,1,3665,'2025-02-28 10:30:13.591898',0,NULL),(1275,NULL,1,3666,'2025-02-28 11:12:14.683541',0,NULL),(1276,NULL,1,3662,'2025-02-28 12:32:56.375109',0,NULL),(1277,NULL,1,3667,'2025-02-28 13:12:09.423790',0,NULL),(1278,NULL,1,3668,'2025-02-28 13:31:30.734802',0,NULL),(1279,NULL,1,3669,'2025-02-28 13:46:47.986124',0,NULL),(1280,NULL,1,3673,'2025-03-02 23:52:19.563647',0,NULL),(1281,NULL,1,3674,'2025-03-03 07:30:35.761953',0,NULL),(1282,NULL,1,2297,'2025-03-03 10:05:31.722019',0,NULL),(1283,NULL,1,3675,'2025-03-03 11:17:54.984804',0,NULL),(1284,NULL,1,2517,'2025-03-03 14:21:39.894910',0,NULL),(1285,NULL,1,3679,'2025-03-04 07:37:52.475944',0,NULL),(1286,NULL,1,3681,'2025-03-04 08:01:40.293029',0,NULL),(1287,NULL,1,3683,'2025-03-04 09:03:01.613964',0,NULL),(1288,NULL,1,3690,'2025-03-05 08:04:53.597279',0,NULL),(1289,NULL,1,3691,'2025-03-05 08:26:51.426284',0,NULL),(1290,NULL,1,3692,'2025-03-05 08:54:20.700052',0,NULL),(1291,NULL,1,3693,'2025-03-05 09:46:59.282787',0,NULL),(1292,NULL,1,2789,'2025-03-05 13:18:06.867557',0,NULL),(1293,NULL,1,3695,'2025-03-06 06:58:33.189535',0,NULL),(1295,NULL,1,3697,'2025-03-06 08:43:51.573659',0,NULL),(1296,NULL,1,3698,'2025-03-06 08:58:52.299393',0,NULL),(1297,NULL,1,3700,'2025-03-06 09:45:03.680005',0,NULL),(1298,NULL,1,3701,'2025-03-06 10:04:47.448238',0,NULL),(1299,NULL,1,3704,'2025-03-07 09:12:58.105327',0,NULL),(1300,NULL,1,3705,'2025-03-07 09:48:04.852418',0,NULL),(1301,NULL,1,3712,'2025-03-08 13:48:48.384645',0,NULL),(1302,NULL,1,3713,'2025-03-08 14:00:30.977507',0,NULL),(1303,NULL,1,3715,'2025-03-08 16:34:01.862943',0,NULL),(1304,NULL,1,3716,'2025-03-08 18:34:56.345440',0,NULL),(1305,NULL,1,3719,'2025-03-08 19:09:13.425952',0,NULL),(1306,NULL,1,3724,'2025-03-09 08:28:47.856682',0,NULL),(1307,NULL,1,3682,'2025-03-10 07:38:36.935403',0,NULL),(1308,NULL,1,3738,'2025-03-10 08:16:57.903356',0,NULL),(1309,NULL,1,2775,'2025-03-10 08:43:44.028528',0,NULL),(1310,NULL,1,3742,'2025-03-10 10:36:43.525409',0,NULL),(1311,NULL,1,3741,'2025-03-10 11:01:38.978712',0,NULL),(1312,NULL,1,3743,'2025-03-10 11:19:01.253591',0,NULL),(1313,NULL,1,3744,'2025-03-10 11:32:59.527801',0,NULL),(1314,NULL,1,3746,'2025-03-10 12:02:41.021511',0,NULL),(1316,NULL,1,3749,'2025-03-10 14:57:04.911855',0,NULL),(1317,NULL,1,3750,'2025-03-10 15:40:25.893836',0,NULL),(1318,NULL,1,3768,'2025-03-11 09:44:48.845736',0,NULL),(1319,NULL,1,3783,'2025-03-11 12:55:24.871402',0,NULL),(1320,NULL,1,3782,'2025-03-11 13:05:56.978027',0,NULL),(1321,NULL,1,3793,'2025-03-12 08:03:01.993111',0,NULL),(1322,NULL,1,3792,'2025-03-12 08:06:33.452881',0,NULL),(1323,NULL,1,3795,'2025-03-12 09:20:26.064055',0,NULL),(1325,NULL,1,3801,'2025-03-12 11:13:00.320512',0,NULL),(1326,NULL,1,3796,'2025-03-12 11:18:52.077920',0,NULL),(1327,NULL,1,3803,'2025-03-12 11:34:26.577762',0,NULL),(1328,NULL,1,3804,'2025-03-12 11:34:36.180283',0,NULL),(1329,NULL,1,3805,'2025-03-12 11:49:18.011387',0,NULL),(1330,NULL,1,3806,'2025-03-12 12:00:05.445883',0,NULL),(1331,NULL,1,3800,'2025-03-12 12:18:21.622420',0,NULL),(1332,NULL,1,3808,'2025-03-12 15:15:40.285383',0,NULL),(1333,NULL,1,3817,'2025-03-13 07:53:47.695177',0,NULL),(1334,NULL,1,3821,'2025-03-13 08:39:28.483002',0,NULL),(1335,NULL,1,3820,'2025-03-13 08:43:23.872933',0,NULL),(1336,NULL,1,3827,'2025-03-13 09:04:14.892223',0,NULL),(1337,NULL,1,3823,'2025-03-13 09:05:28.754501',0,NULL),(1338,NULL,1,3826,'2025-03-13 09:09:16.310910',0,NULL),(1339,NULL,1,3828,'2025-03-13 09:45:35.076734',0,NULL),(1340,NULL,1,3825,'2025-03-13 09:46:15.235807',0,NULL),(1341,NULL,1,3829,'2025-03-13 09:46:19.040110',0,NULL),(1342,NULL,1,3830,'2025-03-13 10:09:50.823447',0,NULL),(1343,NULL,1,3831,'2025-03-13 10:10:02.609087',0,NULL),(1344,NULL,1,3832,'2025-03-13 10:26:35.410029',0,NULL),(1345,NULL,1,3835,'2025-03-13 11:16:25.629282',0,NULL),(1346,NULL,1,3837,'2025-03-13 12:38:19.473551',0,NULL),(1347,NULL,1,3838,'2025-03-13 12:47:46.968950',0,NULL),(1348,NULL,1,3840,'2025-03-14 07:28:33.884806',0,NULL),(1349,NULL,1,3842,'2025-03-14 07:51:16.079632',0,NULL),(1350,NULL,1,3841,'2025-03-14 08:08:34.645457',0,NULL),(1351,NULL,1,3844,'2025-03-14 08:18:31.589445',0,NULL),(1352,NULL,1,1872,'2025-03-14 08:32:07.036940',0,NULL),(1353,NULL,1,3845,'2025-03-14 08:32:41.121837',0,NULL),(1354,NULL,1,3846,'2025-03-14 09:21:22.351381',0,NULL),(1355,NULL,1,3847,'2025-03-14 09:26:56.581245',0,NULL),(1356,NULL,1,3849,'2025-03-14 09:34:56.800992',0,NULL),(1357,NULL,1,3850,'2025-03-14 09:59:23.462064',0,NULL),(1358,NULL,1,3851,'2025-03-14 10:18:37.183669',0,NULL),(1359,NULL,1,3854,'2025-03-14 10:32:51.170507',0,NULL),(1360,NULL,1,3853,'2025-03-14 11:01:19.971447',0,NULL),(1361,NULL,1,3856,'2025-03-14 11:34:04.911833',0,NULL),(1362,NULL,1,3855,'2025-03-14 11:34:57.061144',0,NULL),(1363,NULL,1,3857,'2025-03-14 11:51:25.569004',0,NULL),(1364,NULL,1,3839,'2025-03-14 13:08:23.247489',0,NULL),(1365,NULL,1,3859,'2025-03-14 14:47:34.952730',0,NULL),(1366,NULL,1,3873,'2025-03-17 09:27:06.968813',0,NULL),(1367,NULL,1,3876,'2025-03-17 09:28:54.208901',0,NULL),(1368,NULL,1,3875,'2025-03-17 09:32:22.734000',0,NULL),(1369,NULL,1,3881,'2025-03-17 10:18:44.381998',0,NULL),(1370,NULL,1,3882,'2025-03-17 10:19:18.844236',0,NULL),(1372,NULL,1,3886,'2025-03-17 10:44:35.080672',0,NULL),(1373,NULL,1,3885,'2025-03-17 10:58:44.124136',0,NULL),(1374,NULL,1,3888,'2025-03-17 11:18:16.872617',0,NULL),(1375,NULL,1,3891,'2025-03-17 11:48:42.919382',0,NULL),(1376,NULL,1,3892,'2025-03-17 11:59:47.481099',0,NULL),(1377,NULL,1,3893,'2025-03-17 12:02:25.930142',0,NULL),(1378,NULL,1,3890,'2025-03-17 12:04:09.468711',0,NULL),(1379,NULL,1,3894,'2025-03-17 12:09:30.197323',0,NULL),(1380,NULL,1,3896,'2025-03-17 12:49:29.123435',0,NULL),(1381,NULL,1,3887,'2025-03-17 12:53:19.918843',0,NULL),(1382,NULL,1,3884,'2025-03-17 22:48:58.589476',0,NULL),(1383,NULL,1,3901,'2025-03-18 07:45:42.995541',0,NULL),(1384,NULL,1,3903,'2025-03-18 07:58:35.368690',0,NULL),(1385,NULL,1,3902,'2025-03-18 08:07:30.385344',0,NULL),(1386,NULL,1,3904,'2025-03-18 08:27:05.402108',0,NULL),(1387,NULL,1,3906,'2025-03-18 08:41:09.940314',0,NULL),(1388,NULL,1,3910,'2025-03-18 09:02:03.408593',0,NULL),(1389,NULL,1,3909,'2025-03-18 09:08:37.625810',0,NULL),(1390,NULL,1,3915,'2025-03-18 09:18:21.140635',0,NULL),(1391,NULL,1,3916,'2025-03-18 09:18:53.783570',0,NULL),(1392,NULL,1,3917,'2025-03-18 09:21:41.854784',0,NULL),(1393,NULL,1,3918,'2025-03-18 09:46:45.222031',0,NULL),(1394,NULL,1,3919,'2025-03-18 09:51:54.335880',0,NULL),(1395,NULL,1,3923,'2025-03-18 09:58:31.633732',0,NULL),(1396,NULL,1,3924,'2025-03-18 10:30:22.393917',0,NULL),(1397,NULL,1,3926,'2025-03-18 10:50:23.455507',0,NULL),(1398,NULL,1,3930,'2025-03-18 12:21:30.819104',0,NULL),(1399,NULL,1,3931,'2025-03-18 13:09:24.202987',0,NULL),(1400,NULL,1,3935,'2025-03-18 13:27:24.237366',0,NULL),(1401,NULL,1,3936,'2025-03-18 13:55:56.922471',0,NULL),(1402,NULL,1,3937,'2025-03-18 14:29:04.894043',0,NULL),(1403,NULL,1,3939,'2025-03-19 07:20:33.759863',0,NULL),(1405,NULL,1,3943,'2025-03-19 09:08:34.390611',0,NULL),(1406,NULL,1,3944,'2025-03-19 09:33:46.435507',0,NULL),(1407,NULL,1,3945,'2025-03-19 09:47:45.435633',0,NULL),(1408,NULL,1,3946,'2025-03-19 09:50:03.452671',0,NULL),(1409,NULL,1,3947,'2025-03-19 09:57:04.068753',0,NULL),(1410,NULL,1,3950,'2025-03-19 10:12:17.189084',0,NULL),(1411,NULL,1,3948,'2025-03-19 10:13:30.496302',0,NULL),(1412,NULL,1,3951,'2025-03-19 10:18:42.920380',0,NULL),(1413,NULL,1,3949,'2025-03-19 10:27:26.957466',0,NULL),(1414,NULL,1,3953,'2025-03-19 11:13:17.678698',0,NULL),(1415,NULL,1,3957,'2025-03-19 12:18:05.285452',0,NULL),(1416,NULL,1,3956,'2025-03-19 12:19:01.407576',0,NULL),(1417,NULL,1,3959,'2025-03-19 13:42:57.271571',0,NULL),(1418,NULL,1,3962,'2025-03-20 08:02:38.678554',0,NULL),(1419,NULL,1,3964,'2025-03-20 08:30:07.572324',0,NULL),(1420,NULL,1,3965,'2025-03-20 08:37:07.696827',0,NULL),(1421,NULL,1,3966,'2025-03-20 08:39:21.464180',0,NULL),(1422,NULL,1,3967,'2025-03-20 08:43:42.509884',0,NULL),(1423,NULL,1,3968,'2025-03-20 09:02:20.695887',0,NULL),(1424,NULL,1,3970,'2025-03-20 09:27:24.476153',0,NULL),(1425,NULL,1,3971,'2025-03-20 09:48:42.965379',0,NULL),(1426,NULL,1,3972,'2025-03-20 09:57:13.964741',0,NULL),(1427,NULL,1,3973,'2025-03-20 10:03:30.339536',0,NULL),(1429,NULL,1,3976,'2025-03-20 10:35:28.616202',0,NULL),(1430,NULL,1,3975,'2025-03-20 10:36:29.683528',0,NULL),(1431,NULL,1,3978,'2025-03-20 11:03:50.271572',0,NULL),(1432,NULL,1,3977,'2025-03-20 11:13:11.102830',0,NULL),(1433,NULL,1,3980,'2025-03-20 11:50:35.459900',0,NULL),(1434,NULL,1,3981,'2025-03-20 11:56:25.588943',0,NULL),(1435,NULL,1,3982,'2025-03-20 12:05:21.139639',0,NULL),(1436,NULL,1,3983,'2025-03-20 12:06:20.618279',0,NULL),(1437,NULL,1,3984,'2025-03-20 12:45:24.590374',0,NULL),(1438,NULL,1,3986,'2025-03-20 13:52:38.866592',0,NULL),(1439,NULL,1,3992,'2025-03-21 07:24:00.424475',0,NULL),(1440,NULL,1,3995,'2025-03-21 08:31:20.232139',0,NULL),(1441,NULL,1,3994,'2025-03-21 08:42:56.251712',0,NULL),(1442,NULL,1,3996,'2025-03-21 08:59:13.347818',0,NULL),(1443,NULL,1,3998,'2025-03-21 09:44:41.155376',0,NULL),(1444,NULL,1,3999,'2025-03-21 10:04:32.984531',0,NULL),(1445,NULL,1,4001,'2025-03-21 10:31:51.639460',0,NULL),(1446,NULL,1,4002,'2025-03-21 10:48:12.488955',0,NULL),(1447,NULL,1,4005,'2025-03-21 11:10:44.823469',0,NULL),(1448,NULL,1,4004,'2025-03-21 11:23:02.635876',0,NULL),(1449,NULL,1,4006,'2025-03-21 12:13:19.724139',0,NULL),(1450,NULL,1,4009,'2025-03-21 14:39:47.418471',0,NULL),(1451,NULL,1,4022,'2025-03-24 06:48:16.875453',0,NULL),(1452,NULL,1,4025,'2025-03-24 07:19:29.640720',0,NULL),(1453,NULL,1,4027,'2025-03-24 07:54:53.454857',0,NULL),(1454,NULL,1,4028,'2025-03-24 08:27:27.844845',0,NULL),(1455,NULL,1,4029,'2025-03-24 08:27:29.298305',0,NULL),(1456,NULL,1,4031,'2025-03-24 08:41:35.738504',0,NULL),(1457,NULL,1,4032,'2025-03-24 08:47:42.052616',0,NULL),(1458,NULL,1,4030,'2025-03-24 08:54:45.652372',0,NULL),(1459,NULL,1,2407,'2025-03-24 09:58:25.685931',0,NULL),(1460,NULL,1,4036,'2025-03-24 10:08:51.283548',0,NULL),(1461,NULL,1,4035,'2025-03-24 10:21:51.247246',0,NULL),(1462,NULL,1,4038,'2025-03-24 10:37:33.697603',0,NULL),(1463,NULL,1,4037,'2025-03-24 10:42:39.190649',0,NULL),(1464,NULL,1,4041,'2025-03-24 11:06:12.405446',0,NULL),(1465,NULL,1,4040,'2025-03-24 11:13:42.642508',0,NULL),(1466,NULL,1,2302,'2025-03-24 12:17:41.557698',0,NULL),(1467,NULL,1,4042,'2025-03-24 12:50:53.194262',0,NULL),(1468,NULL,1,4052,'2025-03-25 06:15:51.231122',0,NULL),(1469,NULL,1,4053,'2025-03-25 06:58:25.198373',0,NULL),(1470,NULL,1,4033,'2025-03-25 07:29:39.099806',0,NULL),(1471,NULL,1,4055,'2025-03-25 07:52:41.159375',0,NULL),(1472,NULL,1,4057,'2025-03-25 08:21:09.443737',0,NULL),(1473,NULL,1,4056,'2025-03-25 08:26:36.564114',0,NULL),(1474,NULL,1,4058,'2025-03-25 08:39:54.200522',0,NULL),(1476,NULL,1,4059,'2025-03-25 09:14:06.217561',0,NULL),(1477,NULL,1,4061,'2025-03-25 09:21:22.634396',0,NULL),(1478,NULL,1,4062,'2025-03-25 09:44:37.888515',0,NULL),(1479,NULL,1,4063,'2025-03-25 10:27:08.876134',0,NULL),(1480,NULL,1,4064,'2025-03-25 10:39:56.771696',0,NULL),(1481,NULL,1,4070,'2025-03-25 12:05:49.049971',0,NULL),(1482,NULL,1,4069,'2025-03-25 12:27:11.130330',0,NULL),(1483,NULL,1,4071,'2025-03-25 12:37:46.135504',0,NULL),(1484,NULL,1,4073,'2025-03-25 13:32:03.723210',0,NULL),(1485,NULL,1,4074,'2025-03-25 13:39:47.517253',0,NULL),(1488,NULL,1,4080,'2025-03-26 08:30:45.658542',0,NULL),(1489,NULL,1,4081,'2025-03-26 08:52:37.909453',0,NULL),(1490,NULL,1,4086,'2025-03-26 09:36:32.637057',0,NULL),(1492,NULL,1,4089,'2025-03-26 10:01:56.412669',0,NULL),(1493,NULL,1,4090,'2025-03-26 10:14:33.678708',0,NULL),(1494,NULL,1,4091,'2025-03-26 10:27:06.387054',0,NULL),(1495,NULL,1,4092,'2025-03-26 10:53:11.362872',0,NULL),(1496,NULL,1,4093,'2025-03-26 11:04:11.220725',0,NULL),(1497,NULL,1,4097,'2025-03-26 11:16:57.558362',0,NULL),(1498,NULL,1,4098,'2025-03-26 11:25:13.156685',0,NULL),(1499,NULL,1,4095,'2025-03-26 11:37:40.417715',0,NULL),(1500,NULL,1,4099,'2025-03-26 11:44:43.652135',0,NULL),(1501,NULL,1,4102,'2025-03-26 12:23:42.230567',0,NULL),(1502,NULL,1,4101,'2025-03-26 12:28:16.307473',0,NULL),(1503,NULL,1,4104,'2025-03-26 14:15:12.772770',0,NULL),(1504,NULL,1,4112,'2025-03-27 08:23:18.635420',0,NULL),(1505,NULL,1,4118,'2025-03-27 09:33:40.244994',0,NULL),(1506,NULL,1,4120,'2025-03-27 09:42:12.215460',0,NULL),(1507,NULL,1,4121,'2025-03-27 09:47:05.263620',0,NULL),(1508,NULL,1,4123,'2025-03-27 10:22:32.979122',0,NULL),(1509,NULL,1,4122,'2025-03-27 10:23:52.841695',0,NULL),(1510,NULL,1,4127,'2025-03-27 10:56:50.333498',0,NULL),(1511,NULL,1,4128,'2025-03-27 11:01:14.815313',0,NULL),(1512,NULL,1,4117,'2025-03-27 12:08:19.743849',0,NULL),(1513,NULL,1,4132,'2025-03-27 13:13:25.278905',0,NULL),(1514,NULL,1,4131,'2025-03-27 13:42:35.221649',0,NULL),(1515,NULL,1,4133,'2025-03-27 13:55:36.266118',0,NULL),(1516,NULL,1,4134,'2025-03-27 14:36:29.196822',0,NULL),(1517,NULL,1,4140,'2025-03-28 07:45:16.022914',0,NULL),(1518,NULL,1,4142,'2025-03-28 08:34:05.605046',0,NULL),(1519,NULL,1,4141,'2025-03-28 08:48:18.177047',0,NULL),(1520,NULL,1,4146,'2025-03-28 11:30:45.872349',0,NULL),(1521,NULL,1,4147,'2025-03-28 12:00:26.370928',0,NULL),(1522,NULL,1,4149,'2025-03-28 12:22:02.503275',0,NULL),(1523,NULL,1,4150,'2025-03-28 13:04:49.432845',0,NULL),(1524,NULL,1,4179,'2025-04-01 16:59:16.032848',0,NULL),(1526,NULL,1,4317,'2025-04-03 11:18:07.473936',0,NULL),(1527,NULL,1,4382,'2025-04-03 15:14:15.972271',0,NULL),(1528,NULL,1,4426,'2025-04-04 10:12:19.084301',0,NULL),(1529,NULL,1,4434,'2025-04-04 10:29:24.121376',0,NULL),(1530,NULL,1,4517,'2025-04-04 14:17:24.038093',0,NULL),(1532,NULL,1,5176,'2025-04-11 17:11:14.679339',0,NULL),(1533,NULL,1,6917,'2025-04-18 14:02:20.390916',0,NULL),(1534,NULL,1,6938,'2025-04-18 14:34:11.812814',0,NULL),(1536,NULL,1,7667,'2025-04-22 19:11:00.320819',0,NULL),(1537,NULL,1,8101,'2025-04-23 12:44:20.205062',0,NULL),(1538,NULL,1,8424,'2025-04-24 10:47:26.708926',0,NULL),(1539,NULL,1,8533,'2025-04-24 12:57:09.161626',0,NULL);

--
-- Table structure for table `wallet_transactions`
--

CREATE TABLE `wallet_transactions` (
  `id` bigint NOT NULL AUTO_INCREMENT,
  `vendor_id` bigint NOT NULL,
  `order_item_id` bigint DEFAULT NULL,
  `order_purchase_id` bigint DEFAULT NULL,
  `transaction_type` varchar(20) COLLATE utf8mb4_general_ci NOT NULL,
  `amount` decimal(12,2) DEFAULT NULL,
  `status` varchar(20) COLLATE utf8mb4_general_ci NOT NULL,
  `description` longtext COLLATE utf8mb4_general_ci,
  `credited_date` datetime(6) DEFAULT NULL,
  `is_withdraw` tinyint(1) NOT NULL,
  `created_at` datetime(6) NOT NULL,
  `updated_at` datetime(6) NOT NULL,
  `deleted_at` datetime(6) DEFAULT NULL,
  `vendor_platform_fee` decimal(16,2) DEFAULT NULL,
  `vendor_total_amount` decimal(16,2) DEFAULT NULL,
  `platform_fee` decimal(16,2) DEFAULT NULL,
  PRIMARY KEY (`id`),
  KEY `wallet_transactions_vendor_id_a5fd1ee9_fk_login_signup_user_id` (`vendor_id`),
  KEY `wallet_transactions_order_item_id_2440f549_fk_order_items_id` (`order_item_id`),
  KEY `wallet_transactions_order_purchase_id_a4a6265d_fk_order_order_id` (`order_purchase_id`),
  CONSTRAINT `wallet_transactions_order_item_id_2440f549_fk_order_items_id` FOREIGN KEY (`order_item_id`) REFERENCES `order_items` (`id`),
  CONSTRAINT `wallet_transactions_order_purchase_id_a4a6265d_fk_order_order_id` FOREIGN KEY (`order_purchase_id`) REFERENCES `order_order` (`id`),
  CONSTRAINT `wallet_transactions_vendor_id_a5fd1ee9_fk_login_signup_user_id` FOREIGN KEY (`vendor_id`) REFERENCES `login_signup_user` (`id`)
) ENGINE=InnoDB AUTO_INCREMENT=2 DEFAULT CHARSET=utf8mb4 COLLATE=utf8mb4_general_ci;

--
-- Dumping data for table `wallet_transactions`
--

INSERT INTO `wallet_transactions` VALUES (1,1359,1,1,'credit',15000.00,'completed',NULL,'2025-04-29 11:04:35.039419',0,'2025-04-29 10:49:17.407927','2025-04-29 11:04:35.039542',NULL,0.00,15000.00,0.00);


